{"id":884,"date":"2025-04-30T10:02:37","date_gmt":"2025-04-30T10:02:37","guid":{"rendered":"https:\/\/spinbetter.games\/azerbaijan\/?page_id=884"},"modified":"2025-04-30T10:02:37","modified_gmt":"2025-04-30T10:02:37","slug":"deposit-lottery","status":"publish","type":"page","link":"https:\/\/spinbetter.games\/azerbaijan\/bonus\/deposit-lottery\/","title":{"rendered":"Depozit Lotereyas\u0131"},"content":{"rendered":"","protected":false},"excerpt":{"rendered":"","protected":false},"author":1,"featured_media":0,"parent":152,"menu_order":0,"comment_status":"closed","ping_status":"closed","template":"","meta":{"footnotes":""},"class_list":["post-884","page","type-page","status-publish","hentry"],"yoast_head":"<!-- This site is optimized with the Yoast SEO plugin v26.8 - https:\/\/yoast.com\/product\/yoast-seo-wordpress\/ -->\n<title>SpinBetter Depozit Lotereyas\u0131: H\u0259ft\u0259lik Pulsuz m\u0259rcl\u0259r v\u0259 xallar<\/title>\n<meta name=\"description\" content=\"Qazanmaq \u015fans\u0131n\u0131z\u0131 art\u0131r\u0131n! SpinBetter-d\u0259 5,8 AZN v\u0259 ya daha \u00e7ox m\u0259bl\u0259\u011fd\u0259 depozit qoyun, biletl\u0259r \u0259ld\u0259 edin v\u0259 h\u0259r h\u0259ft\u0259 58 000 AZN pulsuz m\u0259rc v\u0259 2 000 000 promosyon xallar\u0131 \u00fc\u00e7\u00fcn yar\u0131\u015f\u0131n. N\u0259 q\u0259d\u0259r \u00e7ox biletiniz varsa, udma\u011fa bir o q\u0259d\u0259r yax\u0131ns\u0131n\u0131z!\" \/>\n<meta name=\"robots\" content=\"index, follow, max-snippet:-1, max-image-preview:large, max-video-preview:-1\" \/>\n<link rel=\"canonical\" href=\"https:\/\/spinbetter.games\/azerbaijan\/bonus\/deposit-lottery\/\" \/>\n<meta property=\"og:locale\" content=\"az_AZ\" \/>\n<meta property=\"og:type\" content=\"article\" \/>\n<meta property=\"og:title\" content=\"SpinBetter Depozit Lotereyas\u0131: H\u0259ft\u0259lik Pulsuz m\u0259rcl\u0259r v\u0259 xallar\" \/>\n<meta property=\"og:description\" content=\"Qazanmaq \u015fans\u0131n\u0131z\u0131 art\u0131r\u0131n! SpinBetter-d\u0259 5,8 AZN v\u0259 ya daha \u00e7ox m\u0259bl\u0259\u011fd\u0259 depozit qoyun, biletl\u0259r \u0259ld\u0259 edin v\u0259 h\u0259r h\u0259ft\u0259 58 000 AZN pulsuz m\u0259rc v\u0259 2 000 000 promosyon xallar\u0131 \u00fc\u00e7\u00fcn yar\u0131\u015f\u0131n. N\u0259 q\u0259d\u0259r \u00e7ox biletiniz varsa, udma\u011fa bir o q\u0259d\u0259r yax\u0131ns\u0131n\u0131z!\" \/>\n<meta property=\"og:url\" content=\"https:\/\/spinbetter.games\/azerbaijan\/bonus\/deposit-lottery\/\" \/>\n<meta property=\"og:site_name\" content=\"SpinBetter AZ\" \/>\n<meta name=\"twitter:card\" content=\"summary_large_image\" \/>\n<script type=\"application\/ld+json\" class=\"yoast-schema-graph\">{\"@context\":\"https:\/\/schema.org\",\"@graph\":[{\"@type\":\"WebPage\",\"@id\":\"https:\/\/spinbetter.games\/azerbaijan\/bonus\/deposit-lottery\/\",\"url\":\"https:\/\/spinbetter.games\/azerbaijan\/bonus\/deposit-lottery\/\",\"name\":\"SpinBetter Depozit Lotereyas\u0131: H\u0259ft\u0259lik Pulsuz m\u0259rcl\u0259r v\u0259 xallar\",\"isPartOf\":{\"@id\":\"https:\/\/spinbetter.games\/azerbaijan\/#website\"},\"datePublished\":\"2025-04-30T10:02:37+00:00\",\"description\":\"Qazanmaq \u015fans\u0131n\u0131z\u0131 art\u0131r\u0131n! SpinBetter-d\u0259 5,8 AZN v\u0259 ya daha \u00e7ox m\u0259bl\u0259\u011fd\u0259 depozit qoyun, biletl\u0259r \u0259ld\u0259 edin v\u0259 h\u0259r h\u0259ft\u0259 58 000 AZN pulsuz m\u0259rc v\u0259 2 000 000 promosyon xallar\u0131 \u00fc\u00e7\u00fcn yar\u0131\u015f\u0131n. N\u0259 q\u0259d\u0259r \u00e7ox biletiniz varsa, udma\u011fa bir o q\u0259d\u0259r yax\u0131ns\u0131n\u0131z!\",\"breadcrumb\":{\"@id\":\"https:\/\/spinbetter.games\/azerbaijan\/bonus\/deposit-lottery\/#breadcrumb\"},\"inLanguage\":\"az\",\"potentialAction\":[{\"@type\":\"ReadAction\",\"target\":[\"https:\/\/spinbetter.games\/azerbaijan\/bonus\/deposit-lottery\/\"]}]},{\"@type\":\"BreadcrumbList\",\"@id\":\"https:\/\/spinbetter.games\/azerbaijan\/bonus\/deposit-lottery\/#breadcrumb\",\"itemListElement\":[{\"@type\":\"ListItem\",\"position\":1,\"name\":\"\u0413\u043b\u0430\u0432\u043d\u0430\u044f \u0441\u0442\u0440\u0430\u043d\u0438\u0446\u0430\",\"item\":\"https:\/\/spinbetter.games\/azerbaijan\/\"},{\"@type\":\"ListItem\",\"position\":2,\"name\":\"Bonus\",\"item\":\"https:\/\/spinbetter.games\/azerbaijan\/bonus\/\"},{\"@type\":\"ListItem\",\"position\":3,\"name\":\"Depozit Lotereyas\u0131\"}]},{\"@type\":\"WebSite\",\"@id\":\"https:\/\/spinbetter.games\/azerbaijan\/#website\",\"url\":\"https:\/\/spinbetter.games\/azerbaijan\/\",\"name\":\"SpinBetter AZ\",\"description\":\"My WordPress Blog\",\"potentialAction\":[{\"@type\":\"SearchAction\",\"target\":{\"@type\":\"EntryPoint\",\"urlTemplate\":\"https:\/\/spinbetter.games\/azerbaijan\/?s={search_term_string}\"},\"query-input\":{\"@type\":\"PropertyValueSpecification\",\"valueRequired\":true,\"valueName\":\"search_term_string\"}}],\"inLanguage\":\"az\"}]}<\/script>\n<!-- \/ Yoast SEO plugin. -->","yoast_head_json":{"title":"SpinBetter Depozit Lotereyas\u0131: H\u0259ft\u0259lik Pulsuz m\u0259rcl\u0259r v\u0259 xallar","description":"Qazanmaq \u015fans\u0131n\u0131z\u0131 art\u0131r\u0131n! SpinBetter-d\u0259 5,8 AZN v\u0259 ya daha \u00e7ox m\u0259bl\u0259\u011fd\u0259 depozit qoyun, biletl\u0259r \u0259ld\u0259 edin v\u0259 h\u0259r h\u0259ft\u0259 58 000 AZN pulsuz m\u0259rc v\u0259 2 000 000 promosyon xallar\u0131 \u00fc\u00e7\u00fcn yar\u0131\u015f\u0131n. N\u0259 q\u0259d\u0259r \u00e7ox biletiniz varsa, udma\u011fa bir o q\u0259d\u0259r yax\u0131ns\u0131n\u0131z!","robots":{"index":"index","follow":"follow","max-snippet":"max-snippet:-1","max-image-preview":"max-image-preview:large","max-video-preview":"max-video-preview:-1"},"canonical":"https:\/\/spinbetter.games\/azerbaijan\/bonus\/deposit-lottery\/","og_locale":"az_AZ","og_type":"article","og_title":"SpinBetter Depozit Lotereyas\u0131: H\u0259ft\u0259lik Pulsuz m\u0259rcl\u0259r v\u0259 xallar","og_description":"Qazanmaq \u015fans\u0131n\u0131z\u0131 art\u0131r\u0131n! SpinBetter-d\u0259 5,8 AZN v\u0259 ya daha \u00e7ox m\u0259bl\u0259\u011fd\u0259 depozit qoyun, biletl\u0259r \u0259ld\u0259 edin v\u0259 h\u0259r h\u0259ft\u0259 58 000 AZN pulsuz m\u0259rc v\u0259 2 000 000 promosyon xallar\u0131 \u00fc\u00e7\u00fcn yar\u0131\u015f\u0131n. N\u0259 q\u0259d\u0259r \u00e7ox biletiniz varsa, udma\u011fa bir o q\u0259d\u0259r yax\u0131ns\u0131n\u0131z!","og_url":"https:\/\/spinbetter.games\/azerbaijan\/bonus\/deposit-lottery\/","og_site_name":"SpinBetter AZ","twitter_card":"summary_large_image","schema":{"@context":"https:\/\/schema.org","@graph":[{"@type":"WebPage","@id":"https:\/\/spinbetter.games\/azerbaijan\/bonus\/deposit-lottery\/","url":"https:\/\/spinbetter.games\/azerbaijan\/bonus\/deposit-lottery\/","name":"SpinBetter Depozit Lotereyas\u0131: H\u0259ft\u0259lik Pulsuz m\u0259rcl\u0259r v\u0259 xallar","isPartOf":{"@id":"https:\/\/spinbetter.games\/azerbaijan\/#website"},"datePublished":"2025-04-30T10:02:37+00:00","description":"Qazanmaq \u015fans\u0131n\u0131z\u0131 art\u0131r\u0131n! SpinBetter-d\u0259 5,8 AZN v\u0259 ya daha \u00e7ox m\u0259bl\u0259\u011fd\u0259 depozit qoyun, biletl\u0259r \u0259ld\u0259 edin v\u0259 h\u0259r h\u0259ft\u0259 58 000 AZN pulsuz m\u0259rc v\u0259 2 000 000 promosyon xallar\u0131 \u00fc\u00e7\u00fcn yar\u0131\u015f\u0131n. N\u0259 q\u0259d\u0259r \u00e7ox biletiniz varsa, udma\u011fa bir o q\u0259d\u0259r yax\u0131ns\u0131n\u0131z!","breadcrumb":{"@id":"https:\/\/spinbetter.games\/azerbaijan\/bonus\/deposit-lottery\/#breadcrumb"},"inLanguage":"az","potentialAction":[{"@type":"ReadAction","target":["https:\/\/spinbetter.games\/azerbaijan\/bonus\/deposit-lottery\/"]}]},{"@type":"BreadcrumbList","@id":"https:\/\/spinbetter.games\/azerbaijan\/bonus\/deposit-lottery\/#breadcrumb","itemListElement":[{"@type":"ListItem","position":1,"name":"\u0413\u043b\u0430\u0432\u043d\u0430\u044f \u0441\u0442\u0440\u0430\u043d\u0438\u0446\u0430","item":"https:\/\/spinbetter.games\/azerbaijan\/"},{"@type":"ListItem","position":2,"name":"Bonus","item":"https:\/\/spinbetter.games\/azerbaijan\/bonus\/"},{"@type":"ListItem","position":3,"name":"Depozit Lotereyas\u0131"}]},{"@type":"WebSite","@id":"https:\/\/spinbetter.games\/azerbaijan\/#website","url":"https:\/\/spinbetter.games\/azerbaijan\/","name":"SpinBetter AZ","description":"My WordPress Blog","potentialAction":[{"@type":"SearchAction","target":{"@type":"EntryPoint","urlTemplate":"https:\/\/spinbetter.games\/azerbaijan\/?s={search_term_string}"},"query-input":{"@type":"PropertyValueSpecification","valueRequired":true,"valueName":"search_term_string"}}],"inLanguage":"az"}]}},"_links":{"self":[{"href":"https:\/\/spinbetter.games\/azerbaijan\/wp-json\/wp\/v2\/pages\/884","targetHints":{"allow":["GET"]}}],"collection":[{"href":"https:\/\/spinbetter.games\/azerbaijan\/wp-json\/wp\/v2\/pages"}],"about":[{"href":"https:\/\/spinbetter.games\/azerbaijan\/wp-json\/wp\/v2\/types\/page"}],"author":[{"embeddable":true,"href":"https:\/\/spinbetter.games\/azerbaijan\/wp-json\/wp\/v2\/users\/1"}],"replies":[{"embeddable":true,"href":"https:\/\/spinbetter.games\/azerbaijan\/wp-json\/wp\/v2\/comments?post=884"}],"version-history":[{"count":1,"href":"https:\/\/spinbetter.games\/azerbaijan\/wp-json\/wp\/v2\/pages\/884\/revisions"}],"predecessor-version":[{"id":885,"href":"https:\/\/spinbetter.games\/azerbaijan\/wp-json\/wp\/v2\/pages\/884\/revisions\/885"}],"up":[{"embeddable":true,"href":"https:\/\/spinbetter.games\/azerbaijan\/wp-json\/wp\/v2\/pages\/152"}],"wp:attachment":[{"href":"https:\/\/spinbetter.games\/azerbaijan\/wp-json\/wp\/v2\/media?parent=884"}],"curies":[{"name":"wp","href":"https:\/\/api.w.org\/{rel}","templated":true}]}}