{"id":1658,"date":"2025-09-15T12:03:58","date_gmt":"2025-09-15T12:03:58","guid":{"rendered":"https:\/\/spinbetter.games\/?page_id=1658"},"modified":"2025-12-19T17:28:32","modified_gmt":"2025-12-19T17:28:32","slug":"aviator","status":"publish","type":"page","link":"https:\/\/spinbetter.games\/hungary\/aviator\/","title":{"rendered":"Rep\u00fcl\u0151g\u00e9p-pil\u00f3ta"},"content":{"rendered":"","protected":false},"excerpt":{"rendered":"","protected":false},"author":1,"featured_media":0,"parent":0,"menu_order":0,"comment_status":"closed","ping_status":"closed","template":"","meta":{"footnotes":""},"class_list":["post-1658","page","type-page","status-publish","hentry"],"yoast_head":"<!-- This site is optimized with the Yoast SEO plugin v26.8 - https:\/\/yoast.com\/product\/yoast-seo-wordpress\/ -->\n<title>SpinBetter Rep\u00fcl\u0151g\u00e9p-pil\u00f3ta \u1409 Gy\u0151zz a legjobb \u00fctk\u00f6z\u0151s j\u00e1t\u00e9kban!<\/title>\n<meta name=\"description\" content=\"Fedezze fel a SpinBetter Rep\u00fcl\u0151g\u00e9p-pil\u00f3ta izgalmas vil\u00e1g\u00e1t! Tanulja meg, hogyan kell j\u00e1tszani ezt a n\u00e9pszer\u0171 j\u00e1t\u00e9kot, szerezzen tippeket a strat\u00e9gi\u00e1hoz \u00e9s a nyerem\u00e9ny maximaliz\u00e1l\u00e1s\u00e1hoz. Csatlakozzon t\u00f6bb milli\u00f3 j\u00e1t\u00e9koshoz, \u00e9s \u00e9lvezze a magas nyer\u00e9si es\u00e9lyeket \u00e9s az egyed\u00fcl\u00e1ll\u00f3 j\u00e1t\u00e9k\u00e9lm\u00e9nyt!\" \/>\n<meta name=\"robots\" content=\"index, follow, max-snippet:-1, max-image-preview:large, max-video-preview:-1\" \/>\n<link rel=\"canonical\" href=\"https:\/\/spinbetter.games\/hungary\/aviator\/\" \/>\n<meta property=\"og:locale\" content=\"hu_HU\" \/>\n<meta property=\"og:type\" content=\"article\" \/>\n<meta property=\"og:title\" content=\"SpinBetter Rep\u00fcl\u0151g\u00e9p-pil\u00f3ta \u1409 Gy\u0151zz a legjobb \u00fctk\u00f6z\u0151s j\u00e1t\u00e9kban!\" \/>\n<meta property=\"og:description\" content=\"Fedezze fel a SpinBetter Rep\u00fcl\u0151g\u00e9p-pil\u00f3ta izgalmas vil\u00e1g\u00e1t! Tanulja meg, hogyan kell j\u00e1tszani ezt a n\u00e9pszer\u0171 j\u00e1t\u00e9kot, szerezzen tippeket a strat\u00e9gi\u00e1hoz \u00e9s a nyerem\u00e9ny maximaliz\u00e1l\u00e1s\u00e1hoz. Csatlakozzon t\u00f6bb milli\u00f3 j\u00e1t\u00e9koshoz, \u00e9s \u00e9lvezze a magas nyer\u00e9si es\u00e9lyeket \u00e9s az egyed\u00fcl\u00e1ll\u00f3 j\u00e1t\u00e9k\u00e9lm\u00e9nyt!\" \/>\n<meta property=\"og:url\" content=\"https:\/\/spinbetter.games\/hungary\/aviator\/\" \/>\n<meta property=\"og:site_name\" content=\"SpinBetter HU\" \/>\n<meta property=\"article:modified_time\" content=\"2025-12-19T17:28:32+00:00\" \/>\n<meta name=\"twitter:card\" content=\"summary_large_image\" \/>\n<script type=\"application\/ld+json\" class=\"yoast-schema-graph\">{\"@context\":\"https:\/\/schema.org\",\"@graph\":[{\"@type\":\"WebPage\",\"@id\":\"https:\/\/spinbetter.games\/hungary\/aviator\/\",\"url\":\"https:\/\/spinbetter.games\/hungary\/aviator\/\",\"name\":\"SpinBetter Rep\u00fcl\u0151g\u00e9p-pil\u00f3ta \u1409 Gy\u0151zz a legjobb \u00fctk\u00f6z\u0151s j\u00e1t\u00e9kban!\",\"isPartOf\":{\"@id\":\"https:\/\/spinbetter.games\/hungary\/#website\"},\"datePublished\":\"2025-09-15T12:03:58+00:00\",\"dateModified\":\"2025-12-19T17:28:32+00:00\",\"description\":\"Fedezze fel a SpinBetter Rep\u00fcl\u0151g\u00e9p-pil\u00f3ta izgalmas vil\u00e1g\u00e1t! Tanulja meg, hogyan kell j\u00e1tszani ezt a n\u00e9pszer\u0171 j\u00e1t\u00e9kot, szerezzen tippeket a strat\u00e9gi\u00e1hoz \u00e9s a nyerem\u00e9ny maximaliz\u00e1l\u00e1s\u00e1hoz. Csatlakozzon t\u00f6bb milli\u00f3 j\u00e1t\u00e9koshoz, \u00e9s \u00e9lvezze a magas nyer\u00e9si es\u00e9lyeket \u00e9s az egyed\u00fcl\u00e1ll\u00f3 j\u00e1t\u00e9k\u00e9lm\u00e9nyt!\",\"breadcrumb\":{\"@id\":\"https:\/\/spinbetter.games\/hungary\/aviator\/#breadcrumb\"},\"inLanguage\":\"hu\",\"potentialAction\":[{\"@type\":\"ReadAction\",\"target\":[\"https:\/\/spinbetter.games\/hungary\/aviator\/\"]}]},{\"@type\":\"BreadcrumbList\",\"@id\":\"https:\/\/spinbetter.games\/hungary\/aviator\/#breadcrumb\",\"itemListElement\":[{\"@type\":\"ListItem\",\"position\":1,\"name\":\"\u0413\u043b\u0430\u0432\u043d\u0430\u044f \u0441\u0442\u0440\u0430\u043d\u0438\u0446\u0430\",\"item\":\"https:\/\/spinbetter.games\/hungary\/\"},{\"@type\":\"ListItem\",\"position\":2,\"name\":\"Rep\u00fcl\u0151g\u00e9p-pil\u00f3ta\"}]},{\"@type\":\"WebSite\",\"@id\":\"https:\/\/spinbetter.games\/hungary\/#website\",\"url\":\"https:\/\/spinbetter.games\/hungary\/\",\"name\":\"SpinBetter HU\",\"description\":\"My WordPress Blog\",\"potentialAction\":[{\"@type\":\"SearchAction\",\"target\":{\"@type\":\"EntryPoint\",\"urlTemplate\":\"https:\/\/spinbetter.games\/hungary\/?s={search_term_string}\"},\"query-input\":{\"@type\":\"PropertyValueSpecification\",\"valueRequired\":true,\"valueName\":\"search_term_string\"}}],\"inLanguage\":\"hu\"}]}<\/script>\n<!-- \/ Yoast SEO plugin. -->","yoast_head_json":{"title":"SpinBetter Rep\u00fcl\u0151g\u00e9p-pil\u00f3ta \u1409 Gy\u0151zz a legjobb \u00fctk\u00f6z\u0151s j\u00e1t\u00e9kban!","description":"Fedezze fel a SpinBetter Rep\u00fcl\u0151g\u00e9p-pil\u00f3ta izgalmas vil\u00e1g\u00e1t! Tanulja meg, hogyan kell j\u00e1tszani ezt a n\u00e9pszer\u0171 j\u00e1t\u00e9kot, szerezzen tippeket a strat\u00e9gi\u00e1hoz \u00e9s a nyerem\u00e9ny maximaliz\u00e1l\u00e1s\u00e1hoz. Csatlakozzon t\u00f6bb milli\u00f3 j\u00e1t\u00e9koshoz, \u00e9s \u00e9lvezze a magas nyer\u00e9si es\u00e9lyeket \u00e9s az egyed\u00fcl\u00e1ll\u00f3 j\u00e1t\u00e9k\u00e9lm\u00e9nyt!","robots":{"index":"index","follow":"follow","max-snippet":"max-snippet:-1","max-image-preview":"max-image-preview:large","max-video-preview":"max-video-preview:-1"},"canonical":"https:\/\/spinbetter.games\/hungary\/aviator\/","og_locale":"hu_HU","og_type":"article","og_title":"SpinBetter Rep\u00fcl\u0151g\u00e9p-pil\u00f3ta \u1409 Gy\u0151zz a legjobb \u00fctk\u00f6z\u0151s j\u00e1t\u00e9kban!","og_description":"Fedezze fel a SpinBetter Rep\u00fcl\u0151g\u00e9p-pil\u00f3ta izgalmas vil\u00e1g\u00e1t! Tanulja meg, hogyan kell j\u00e1tszani ezt a n\u00e9pszer\u0171 j\u00e1t\u00e9kot, szerezzen tippeket a strat\u00e9gi\u00e1hoz \u00e9s a nyerem\u00e9ny maximaliz\u00e1l\u00e1s\u00e1hoz. Csatlakozzon t\u00f6bb milli\u00f3 j\u00e1t\u00e9koshoz, \u00e9s \u00e9lvezze a magas nyer\u00e9si es\u00e9lyeket \u00e9s az egyed\u00fcl\u00e1ll\u00f3 j\u00e1t\u00e9k\u00e9lm\u00e9nyt!","og_url":"https:\/\/spinbetter.games\/hungary\/aviator\/","og_site_name":"SpinBetter HU","article_modified_time":"2025-12-19T17:28:32+00:00","twitter_card":"summary_large_image","schema":{"@context":"https:\/\/schema.org","@graph":[{"@type":"WebPage","@id":"https:\/\/spinbetter.games\/hungary\/aviator\/","url":"https:\/\/spinbetter.games\/hungary\/aviator\/","name":"SpinBetter Rep\u00fcl\u0151g\u00e9p-pil\u00f3ta \u1409 Gy\u0151zz a legjobb \u00fctk\u00f6z\u0151s j\u00e1t\u00e9kban!","isPartOf":{"@id":"https:\/\/spinbetter.games\/hungary\/#website"},"datePublished":"2025-09-15T12:03:58+00:00","dateModified":"2025-12-19T17:28:32+00:00","description":"Fedezze fel a SpinBetter Rep\u00fcl\u0151g\u00e9p-pil\u00f3ta izgalmas vil\u00e1g\u00e1t! Tanulja meg, hogyan kell j\u00e1tszani ezt a n\u00e9pszer\u0171 j\u00e1t\u00e9kot, szerezzen tippeket a strat\u00e9gi\u00e1hoz \u00e9s a nyerem\u00e9ny maximaliz\u00e1l\u00e1s\u00e1hoz. Csatlakozzon t\u00f6bb milli\u00f3 j\u00e1t\u00e9koshoz, \u00e9s \u00e9lvezze a magas nyer\u00e9si es\u00e9lyeket \u00e9s az egyed\u00fcl\u00e1ll\u00f3 j\u00e1t\u00e9k\u00e9lm\u00e9nyt!","breadcrumb":{"@id":"https:\/\/spinbetter.games\/hungary\/aviator\/#breadcrumb"},"inLanguage":"hu","potentialAction":[{"@type":"ReadAction","target":["https:\/\/spinbetter.games\/hungary\/aviator\/"]}]},{"@type":"BreadcrumbList","@id":"https:\/\/spinbetter.games\/hungary\/aviator\/#breadcrumb","itemListElement":[{"@type":"ListItem","position":1,"name":"\u0413\u043b\u0430\u0432\u043d\u0430\u044f \u0441\u0442\u0440\u0430\u043d\u0438\u0446\u0430","item":"https:\/\/spinbetter.games\/hungary\/"},{"@type":"ListItem","position":2,"name":"Rep\u00fcl\u0151g\u00e9p-pil\u00f3ta"}]},{"@type":"WebSite","@id":"https:\/\/spinbetter.games\/hungary\/#website","url":"https:\/\/spinbetter.games\/hungary\/","name":"SpinBetter HU","description":"My WordPress Blog","potentialAction":[{"@type":"SearchAction","target":{"@type":"EntryPoint","urlTemplate":"https:\/\/spinbetter.games\/hungary\/?s={search_term_string}"},"query-input":{"@type":"PropertyValueSpecification","valueRequired":true,"valueName":"search_term_string"}}],"inLanguage":"hu"}]}},"_links":{"self":[{"href":"https:\/\/spinbetter.games\/hungary\/wp-json\/wp\/v2\/pages\/1658","targetHints":{"allow":["GET"]}}],"collection":[{"href":"https:\/\/spinbetter.games\/hungary\/wp-json\/wp\/v2\/pages"}],"about":[{"href":"https:\/\/spinbetter.games\/hungary\/wp-json\/wp\/v2\/types\/page"}],"author":[{"embeddable":true,"href":"https:\/\/spinbetter.games\/hungary\/wp-json\/wp\/v2\/users\/1"}],"replies":[{"embeddable":true,"href":"https:\/\/spinbetter.games\/hungary\/wp-json\/wp\/v2\/comments?post=1658"}],"version-history":[{"count":3,"href":"https:\/\/spinbetter.games\/hungary\/wp-json\/wp\/v2\/pages\/1658\/revisions"}],"predecessor-version":[{"id":1931,"href":"https:\/\/spinbetter.games\/hungary\/wp-json\/wp\/v2\/pages\/1658\/revisions\/1931"}],"wp:attachment":[{"href":"https:\/\/spinbetter.games\/hungary\/wp-json\/wp\/v2\/media?parent=1658"}],"curies":[{"name":"wp","href":"https:\/\/api.w.org\/{rel}","templated":true}]}}