{"id":914,"date":"2025-03-05T13:33:29","date_gmt":"2025-03-05T13:33:29","guid":{"rendered":"https:\/\/spinbetter.games\/?page_id=914"},"modified":"2025-03-26T06:34:10","modified_gmt":"2025-03-26T06:34:10","slug":"freebet-in-app","status":"publish","type":"page","link":"https:\/\/spinbetter.games\/hungary\/bonus\/freebet-in-app\/","title":{"rendered":"Ingyenes fogad\u00e1s App-ban"},"content":{"rendered":"","protected":false},"excerpt":{"rendered":"","protected":false},"author":1,"featured_media":0,"parent":152,"menu_order":2,"comment_status":"closed","ping_status":"closed","template":"","meta":{"footnotes":""},"class_list":["post-914","page","type-page","status-publish","hentry"],"yoast_head":"<!-- This site is optimized with the Yoast SEO plugin v26.8 - https:\/\/yoast.com\/product\/yoast-seo-wordpress\/ -->\n<title>SpinBetter alkalmaz\u00e1son bel\u00fcli ingyenes fogad\u00e1s<\/title>\n<meta name=\"description\" content=\"T\u00f6lts\u00f6n energi\u00e1t a j\u00e1t\u00e9k\u00e1ba egy ingyenes fogad\u00e1ssal a SpinBetter App-on! \ud83d\udcb8 Fedezd fel a kir\u00e1ly fogad\u00e1si b\u00f3nuszokat, \u00e9s n\u00f6veld a nyer\u00e9si es\u00e9lyeidet. Ne hagyd ki a pillanatot - a nyerem\u00e9nyed csak r\u00e1d v\u00e1r!\" \/>\n<meta name=\"robots\" content=\"index, follow, max-snippet:-1, max-image-preview:large, max-video-preview:-1\" \/>\n<link rel=\"canonical\" href=\"https:\/\/spinbetter.games\/hungary\/bonus\/freebet-in-app\/\" \/>\n<meta property=\"og:locale\" content=\"hu_HU\" \/>\n<meta property=\"og:type\" content=\"article\" \/>\n<meta property=\"og:title\" content=\"SpinBetter alkalmaz\u00e1son bel\u00fcli ingyenes fogad\u00e1s\" \/>\n<meta property=\"og:description\" content=\"T\u00f6lts\u00f6n energi\u00e1t a j\u00e1t\u00e9k\u00e1ba egy ingyenes fogad\u00e1ssal a SpinBetter App-on! \ud83d\udcb8 Fedezd fel a kir\u00e1ly fogad\u00e1si b\u00f3nuszokat, \u00e9s n\u00f6veld a nyer\u00e9si es\u00e9lyeidet. Ne hagyd ki a pillanatot - a nyerem\u00e9nyed csak r\u00e1d v\u00e1r!\" \/>\n<meta property=\"og:url\" content=\"https:\/\/spinbetter.games\/hungary\/bonus\/freebet-in-app\/\" \/>\n<meta property=\"og:site_name\" content=\"SpinBetter HU\" \/>\n<meta property=\"article:modified_time\" content=\"2025-03-26T06:34:10+00:00\" \/>\n<meta name=\"twitter:card\" content=\"summary_large_image\" \/>\n<script type=\"application\/ld+json\" class=\"yoast-schema-graph\">{\"@context\":\"https:\/\/schema.org\",\"@graph\":[{\"@type\":\"WebPage\",\"@id\":\"https:\/\/spinbetter.games\/hungary\/bonus\/freebet-in-app\/\",\"url\":\"https:\/\/spinbetter.games\/hungary\/bonus\/freebet-in-app\/\",\"name\":\"SpinBetter alkalmaz\u00e1son bel\u00fcli ingyenes fogad\u00e1s\",\"isPartOf\":{\"@id\":\"https:\/\/spinbetter.games\/hungary\/#website\"},\"datePublished\":\"2025-03-05T13:33:29+00:00\",\"dateModified\":\"2025-03-26T06:34:10+00:00\",\"description\":\"T\u00f6lts\u00f6n energi\u00e1t a j\u00e1t\u00e9k\u00e1ba egy ingyenes fogad\u00e1ssal a SpinBetter App-on! \ud83d\udcb8 Fedezd fel a kir\u00e1ly fogad\u00e1si b\u00f3nuszokat, \u00e9s n\u00f6veld a nyer\u00e9si es\u00e9lyeidet. Ne hagyd ki a pillanatot - a nyerem\u00e9nyed csak r\u00e1d v\u00e1r!\",\"breadcrumb\":{\"@id\":\"https:\/\/spinbetter.games\/hungary\/bonus\/freebet-in-app\/#breadcrumb\"},\"inLanguage\":\"hu\",\"potentialAction\":[{\"@type\":\"ReadAction\",\"target\":[\"https:\/\/spinbetter.games\/hungary\/bonus\/freebet-in-app\/\"]}]},{\"@type\":\"BreadcrumbList\",\"@id\":\"https:\/\/spinbetter.games\/hungary\/bonus\/freebet-in-app\/#breadcrumb\",\"itemListElement\":[{\"@type\":\"ListItem\",\"position\":1,\"name\":\"\u0413\u043b\u0430\u0432\u043d\u0430\u044f \u0441\u0442\u0440\u0430\u043d\u0438\u0446\u0430\",\"item\":\"https:\/\/spinbetter.games\/hungary\/\"},{\"@type\":\"ListItem\",\"position\":2,\"name\":\"B\u00f3nusz\",\"item\":\"https:\/\/spinbetter.games\/hungary\/bonus\/\"},{\"@type\":\"ListItem\",\"position\":3,\"name\":\"Ingyenes fogad\u00e1s App-ban\"}]},{\"@type\":\"WebSite\",\"@id\":\"https:\/\/spinbetter.games\/hungary\/#website\",\"url\":\"https:\/\/spinbetter.games\/hungary\/\",\"name\":\"SpinBetter HU\",\"description\":\"My WordPress Blog\",\"potentialAction\":[{\"@type\":\"SearchAction\",\"target\":{\"@type\":\"EntryPoint\",\"urlTemplate\":\"https:\/\/spinbetter.games\/hungary\/?s={search_term_string}\"},\"query-input\":{\"@type\":\"PropertyValueSpecification\",\"valueRequired\":true,\"valueName\":\"search_term_string\"}}],\"inLanguage\":\"hu\"}]}<\/script>\n<!-- \/ Yoast SEO plugin. -->","yoast_head_json":{"title":"SpinBetter alkalmaz\u00e1son bel\u00fcli ingyenes fogad\u00e1s","description":"T\u00f6lts\u00f6n energi\u00e1t a j\u00e1t\u00e9k\u00e1ba egy ingyenes fogad\u00e1ssal a SpinBetter App-on! \ud83d\udcb8 Fedezd fel a kir\u00e1ly fogad\u00e1si b\u00f3nuszokat, \u00e9s n\u00f6veld a nyer\u00e9si es\u00e9lyeidet. Ne hagyd ki a pillanatot - a nyerem\u00e9nyed csak r\u00e1d v\u00e1r!","robots":{"index":"index","follow":"follow","max-snippet":"max-snippet:-1","max-image-preview":"max-image-preview:large","max-video-preview":"max-video-preview:-1"},"canonical":"https:\/\/spinbetter.games\/hungary\/bonus\/freebet-in-app\/","og_locale":"hu_HU","og_type":"article","og_title":"SpinBetter alkalmaz\u00e1son bel\u00fcli ingyenes fogad\u00e1s","og_description":"T\u00f6lts\u00f6n energi\u00e1t a j\u00e1t\u00e9k\u00e1ba egy ingyenes fogad\u00e1ssal a SpinBetter App-on! \ud83d\udcb8 Fedezd fel a kir\u00e1ly fogad\u00e1si b\u00f3nuszokat, \u00e9s n\u00f6veld a nyer\u00e9si es\u00e9lyeidet. Ne hagyd ki a pillanatot - a nyerem\u00e9nyed csak r\u00e1d v\u00e1r!","og_url":"https:\/\/spinbetter.games\/hungary\/bonus\/freebet-in-app\/","og_site_name":"SpinBetter HU","article_modified_time":"2025-03-26T06:34:10+00:00","twitter_card":"summary_large_image","schema":{"@context":"https:\/\/schema.org","@graph":[{"@type":"WebPage","@id":"https:\/\/spinbetter.games\/hungary\/bonus\/freebet-in-app\/","url":"https:\/\/spinbetter.games\/hungary\/bonus\/freebet-in-app\/","name":"SpinBetter alkalmaz\u00e1son bel\u00fcli ingyenes fogad\u00e1s","isPartOf":{"@id":"https:\/\/spinbetter.games\/hungary\/#website"},"datePublished":"2025-03-05T13:33:29+00:00","dateModified":"2025-03-26T06:34:10+00:00","description":"T\u00f6lts\u00f6n energi\u00e1t a j\u00e1t\u00e9k\u00e1ba egy ingyenes fogad\u00e1ssal a SpinBetter App-on! \ud83d\udcb8 Fedezd fel a kir\u00e1ly fogad\u00e1si b\u00f3nuszokat, \u00e9s n\u00f6veld a nyer\u00e9si es\u00e9lyeidet. Ne hagyd ki a pillanatot - a nyerem\u00e9nyed csak r\u00e1d v\u00e1r!","breadcrumb":{"@id":"https:\/\/spinbetter.games\/hungary\/bonus\/freebet-in-app\/#breadcrumb"},"inLanguage":"hu","potentialAction":[{"@type":"ReadAction","target":["https:\/\/spinbetter.games\/hungary\/bonus\/freebet-in-app\/"]}]},{"@type":"BreadcrumbList","@id":"https:\/\/spinbetter.games\/hungary\/bonus\/freebet-in-app\/#breadcrumb","itemListElement":[{"@type":"ListItem","position":1,"name":"\u0413\u043b\u0430\u0432\u043d\u0430\u044f \u0441\u0442\u0440\u0430\u043d\u0438\u0446\u0430","item":"https:\/\/spinbetter.games\/hungary\/"},{"@type":"ListItem","position":2,"name":"B\u00f3nusz","item":"https:\/\/spinbetter.games\/hungary\/bonus\/"},{"@type":"ListItem","position":3,"name":"Ingyenes fogad\u00e1s App-ban"}]},{"@type":"WebSite","@id":"https:\/\/spinbetter.games\/hungary\/#website","url":"https:\/\/spinbetter.games\/hungary\/","name":"SpinBetter HU","description":"My WordPress Blog","potentialAction":[{"@type":"SearchAction","target":{"@type":"EntryPoint","urlTemplate":"https:\/\/spinbetter.games\/hungary\/?s={search_term_string}"},"query-input":{"@type":"PropertyValueSpecification","valueRequired":true,"valueName":"search_term_string"}}],"inLanguage":"hu"}]}},"_links":{"self":[{"href":"https:\/\/spinbetter.games\/hungary\/wp-json\/wp\/v2\/pages\/914","targetHints":{"allow":["GET"]}}],"collection":[{"href":"https:\/\/spinbetter.games\/hungary\/wp-json\/wp\/v2\/pages"}],"about":[{"href":"https:\/\/spinbetter.games\/hungary\/wp-json\/wp\/v2\/types\/page"}],"author":[{"embeddable":true,"href":"https:\/\/spinbetter.games\/hungary\/wp-json\/wp\/v2\/users\/1"}],"replies":[{"embeddable":true,"href":"https:\/\/spinbetter.games\/hungary\/wp-json\/wp\/v2\/comments?post=914"}],"version-history":[{"count":4,"href":"https:\/\/spinbetter.games\/hungary\/wp-json\/wp\/v2\/pages\/914\/revisions"}],"predecessor-version":[{"id":1154,"href":"https:\/\/spinbetter.games\/hungary\/wp-json\/wp\/v2\/pages\/914\/revisions\/1154"}],"up":[{"embeddable":true,"href":"https:\/\/spinbetter.games\/hungary\/wp-json\/wp\/v2\/pages\/152"}],"wp:attachment":[{"href":"https:\/\/spinbetter.games\/hungary\/wp-json\/wp\/v2\/media?parent=914"}],"curies":[{"name":"wp","href":"https:\/\/api.w.org\/{rel}","templated":true}]}}