{"id":255,"date":"2025-02-10T08:11:18","date_gmt":"2025-02-10T08:11:18","guid":{"rendered":"https:\/\/spinbetter.games\/luxembourg\/?page_id=255"},"modified":"2025-03-05T13:45:31","modified_gmt":"2025-03-05T13:45:31","slug":"login","status":"publish","type":"page","link":"https:\/\/spinbetter.games\/luxembourg\/login\/","title":{"rendered":"Login"},"content":{"rendered":"","protected":false},"excerpt":{"rendered":"","protected":false},"author":1,"featured_media":0,"parent":0,"menu_order":0,"comment_status":"closed","ping_status":"closed","template":"","meta":{"footnotes":""},"class_list":["post-255","page","type-page","status-publish","hentry"],"yoast_head":"<!-- This site is optimized with the Yoast SEO plugin v26.8 - https:\/\/yoast.com\/product\/yoast-seo-wordpress\/ -->\n<title>Spinbetter L\u00ebtzebuerg Login &amp; Umellen<\/title>\n<meta name=\"description\" content=\"Schr\u00ebtt-fir-Schr\u00ebtt Spinbetter Login Prozess \u00b7 W\u00e9i Zougang zu \u00c4re Kont \u00b7 Login fir Spin Besser a kritt e W\u00ebllkomm Package bis zu 1500 EUR an 150 Free Spins\" \/>\n<meta name=\"robots\" content=\"noindex, follow, max-snippet:-1, max-image-preview:large, max-video-preview:-1\" \/>\n<meta property=\"og:locale\" content=\"nl_NL\" \/>\n<meta property=\"og:type\" content=\"article\" \/>\n<meta property=\"og:title\" content=\"Spinbetter L\u00ebtzebuerg Login &amp; Umellen\" \/>\n<meta property=\"og:description\" content=\"Schr\u00ebtt-fir-Schr\u00ebtt Spinbetter Login Prozess \u00b7 W\u00e9i Zougang zu \u00c4re Kont \u00b7 Login fir Spin Besser a kritt e W\u00ebllkomm Package bis zu 1500 EUR an 150 Free Spins\" \/>\n<meta property=\"og:url\" content=\"https:\/\/spinbetter.games\/luxembourg\/login\/\" \/>\n<meta property=\"og:site_name\" content=\"Spinbetter games lu\" \/>\n<meta property=\"article:modified_time\" content=\"2025-03-05T13:45:31+00:00\" \/>\n<meta name=\"twitter:card\" content=\"summary_large_image\" \/>\n<script type=\"application\/ld+json\" class=\"yoast-schema-graph\">{\"@context\":\"https:\/\/schema.org\",\"@graph\":[{\"@type\":\"WebPage\",\"@id\":\"https:\/\/spinbetter.games\/luxembourg\/login\/\",\"url\":\"https:\/\/spinbetter.games\/luxembourg\/login\/\",\"name\":\"Spinbetter L\u00ebtzebuerg Login & Umellen\",\"isPartOf\":{\"@id\":\"https:\/\/spinbetter.games\/luxembourg\/#website\"},\"datePublished\":\"2025-02-10T08:11:18+00:00\",\"dateModified\":\"2025-03-05T13:45:31+00:00\",\"description\":\"Schr\u00ebtt-fir-Schr\u00ebtt Spinbetter Login Prozess \u00b7 W\u00e9i Zougang zu \u00c4re Kont \u00b7 Login fir Spin Besser a kritt e W\u00ebllkomm Package bis zu 1500 EUR an 150 Free Spins\",\"breadcrumb\":{\"@id\":\"https:\/\/spinbetter.games\/luxembourg\/login\/#breadcrumb\"},\"inLanguage\":\"nl-NL\",\"potentialAction\":[{\"@type\":\"ReadAction\",\"target\":[\"https:\/\/spinbetter.games\/luxembourg\/login\/\"]}]},{\"@type\":\"BreadcrumbList\",\"@id\":\"https:\/\/spinbetter.games\/luxembourg\/login\/#breadcrumb\",\"itemListElement\":[{\"@type\":\"ListItem\",\"position\":1,\"name\":\"\u0413\u043b\u0430\u0432\u043d\u0430\u044f \u0441\u0442\u0440\u0430\u043d\u0438\u0446\u0430\",\"item\":\"https:\/\/spinbetter.games\/luxembourg\/\"},{\"@type\":\"ListItem\",\"position\":2,\"name\":\"Login\"}]},{\"@type\":\"WebSite\",\"@id\":\"https:\/\/spinbetter.games\/luxembourg\/#website\",\"url\":\"https:\/\/spinbetter.games\/luxembourg\/\",\"name\":\"Spinbetter games lu\",\"description\":\"My WordPress Blog\",\"potentialAction\":[{\"@type\":\"SearchAction\",\"target\":{\"@type\":\"EntryPoint\",\"urlTemplate\":\"https:\/\/spinbetter.games\/luxembourg\/?s={search_term_string}\"},\"query-input\":{\"@type\":\"PropertyValueSpecification\",\"valueRequired\":true,\"valueName\":\"search_term_string\"}}],\"inLanguage\":\"nl-NL\"}]}<\/script>\n<!-- \/ Yoast SEO plugin. -->","yoast_head_json":{"title":"Spinbetter L\u00ebtzebuerg Login & Umellen","description":"Schr\u00ebtt-fir-Schr\u00ebtt Spinbetter Login Prozess \u00b7 W\u00e9i Zougang zu \u00c4re Kont \u00b7 Login fir Spin Besser a kritt e W\u00ebllkomm Package bis zu 1500 EUR an 150 Free Spins","robots":{"index":"noindex","follow":"follow","max-snippet":"max-snippet:-1","max-image-preview":"max-image-preview:large","max-video-preview":"max-video-preview:-1"},"og_locale":"nl_NL","og_type":"article","og_title":"Spinbetter L\u00ebtzebuerg Login & Umellen","og_description":"Schr\u00ebtt-fir-Schr\u00ebtt Spinbetter Login Prozess \u00b7 W\u00e9i Zougang zu \u00c4re Kont \u00b7 Login fir Spin Besser a kritt e W\u00ebllkomm Package bis zu 1500 EUR an 150 Free Spins","og_url":"https:\/\/spinbetter.games\/luxembourg\/login\/","og_site_name":"Spinbetter games lu","article_modified_time":"2025-03-05T13:45:31+00:00","twitter_card":"summary_large_image","schema":{"@context":"https:\/\/schema.org","@graph":[{"@type":"WebPage","@id":"https:\/\/spinbetter.games\/luxembourg\/login\/","url":"https:\/\/spinbetter.games\/luxembourg\/login\/","name":"Spinbetter L\u00ebtzebuerg Login & Umellen","isPartOf":{"@id":"https:\/\/spinbetter.games\/luxembourg\/#website"},"datePublished":"2025-02-10T08:11:18+00:00","dateModified":"2025-03-05T13:45:31+00:00","description":"Schr\u00ebtt-fir-Schr\u00ebtt Spinbetter Login Prozess \u00b7 W\u00e9i Zougang zu \u00c4re Kont \u00b7 Login fir Spin Besser a kritt e W\u00ebllkomm Package bis zu 1500 EUR an 150 Free Spins","breadcrumb":{"@id":"https:\/\/spinbetter.games\/luxembourg\/login\/#breadcrumb"},"inLanguage":"nl-NL","potentialAction":[{"@type":"ReadAction","target":["https:\/\/spinbetter.games\/luxembourg\/login\/"]}]},{"@type":"BreadcrumbList","@id":"https:\/\/spinbetter.games\/luxembourg\/login\/#breadcrumb","itemListElement":[{"@type":"ListItem","position":1,"name":"\u0413\u043b\u0430\u0432\u043d\u0430\u044f \u0441\u0442\u0440\u0430\u043d\u0438\u0446\u0430","item":"https:\/\/spinbetter.games\/luxembourg\/"},{"@type":"ListItem","position":2,"name":"Login"}]},{"@type":"WebSite","@id":"https:\/\/spinbetter.games\/luxembourg\/#website","url":"https:\/\/spinbetter.games\/luxembourg\/","name":"Spinbetter games lu","description":"My WordPress Blog","potentialAction":[{"@type":"SearchAction","target":{"@type":"EntryPoint","urlTemplate":"https:\/\/spinbetter.games\/luxembourg\/?s={search_term_string}"},"query-input":{"@type":"PropertyValueSpecification","valueRequired":true,"valueName":"search_term_string"}}],"inLanguage":"nl-NL"}]}},"_links":{"self":[{"href":"https:\/\/spinbetter.games\/luxembourg\/wp-json\/wp\/v2\/pages\/255","targetHints":{"allow":["GET"]}}],"collection":[{"href":"https:\/\/spinbetter.games\/luxembourg\/wp-json\/wp\/v2\/pages"}],"about":[{"href":"https:\/\/spinbetter.games\/luxembourg\/wp-json\/wp\/v2\/types\/page"}],"author":[{"embeddable":true,"href":"https:\/\/spinbetter.games\/luxembourg\/wp-json\/wp\/v2\/users\/1"}],"replies":[{"embeddable":true,"href":"https:\/\/spinbetter.games\/luxembourg\/wp-json\/wp\/v2\/comments?post=255"}],"version-history":[{"count":8,"href":"https:\/\/spinbetter.games\/luxembourg\/wp-json\/wp\/v2\/pages\/255\/revisions"}],"predecessor-version":[{"id":922,"href":"https:\/\/spinbetter.games\/luxembourg\/wp-json\/wp\/v2\/pages\/255\/revisions\/922"}],"wp:attachment":[{"href":"https:\/\/spinbetter.games\/luxembourg\/wp-json\/wp\/v2\/media?parent=255"}],"curies":[{"name":"wp","href":"https:\/\/api.w.org\/{rel}","templated":true}]}}