{"id":1035,"date":"2025-03-20T13:52:37","date_gmt":"2025-03-20T13:52:37","guid":{"rendered":"https:\/\/spinbetter.games\/norway\/?page_id=1035"},"modified":"2025-05-17T14:34:00","modified_gmt":"2025-05-17T14:34:00","slug":"deposit-lottery","status":"publish","type":"page","link":"https:\/\/spinbetter.games\/norway\/bonus\/deposit-lottery\/","title":{"rendered":"Innskuddslotteri"},"content":{"rendered":"","protected":false},"excerpt":{"rendered":"","protected":false},"author":1,"featured_media":0,"parent":152,"menu_order":0,"comment_status":"closed","ping_status":"closed","template":"","meta":{"footnotes":""},"class_list":["post-1035","page","type-page","status-publish","hentry"],"yoast_head":"<!-- This site is optimized with the Yoast SEO plugin v26.8 - https:\/\/yoast.com\/product\/yoast-seo-wordpress\/ -->\n<title>SpinBetter Innskuddslotteri: F\u00e5 ukentlige gratisspill og poeng<\/title>\n<meta name=\"description\" content=\"\u00d8k sjansen din til \u00e5 vinne! Gj\u00f8r et innskudd p\u00e5 30 NOK eller mer hos SpinBetter, f\u00e5 lodd og konkurrer om 300 000 NOK freebets og 2 000 000 kampanjepoeng hver uke. Jo flere lodd du har, jo n\u00e6rmere er du \u00e5 vinne!\" \/>\n<meta name=\"robots\" content=\"index, follow, max-snippet:-1, max-image-preview:large, max-video-preview:-1\" \/>\n<link rel=\"canonical\" href=\"https:\/\/spinbetter.games\/norway\/bonus\/deposit-lottery\/\" \/>\n<meta property=\"og:locale\" content=\"nn_NO\" \/>\n<meta property=\"og:type\" content=\"article\" \/>\n<meta property=\"og:title\" content=\"SpinBetter Innskuddslotteri: F\u00e5 ukentlige gratisspill og poeng\" \/>\n<meta property=\"og:description\" content=\"\u00d8k sjansen din til \u00e5 vinne! Gj\u00f8r et innskudd p\u00e5 30 NOK eller mer hos SpinBetter, f\u00e5 lodd og konkurrer om 300 000 NOK freebets og 2 000 000 kampanjepoeng hver uke. Jo flere lodd du har, jo n\u00e6rmere er du \u00e5 vinne!\" \/>\n<meta property=\"og:url\" content=\"https:\/\/spinbetter.games\/norway\/bonus\/deposit-lottery\/\" \/>\n<meta property=\"og:site_name\" content=\"Spinbetter NO\" \/>\n<meta property=\"article:modified_time\" content=\"2025-05-17T14:34:00+00:00\" \/>\n<meta name=\"twitter:card\" content=\"summary_large_image\" \/>\n<script type=\"application\/ld+json\" class=\"yoast-schema-graph\">{\"@context\":\"https:\/\/schema.org\",\"@graph\":[{\"@type\":\"WebPage\",\"@id\":\"https:\/\/spinbetter.games\/norway\/bonus\/deposit-lottery\/\",\"url\":\"https:\/\/spinbetter.games\/norway\/bonus\/deposit-lottery\/\",\"name\":\"SpinBetter Innskuddslotteri: F\u00e5 ukentlige gratisspill og poeng\",\"isPartOf\":{\"@id\":\"https:\/\/spinbetter.games\/norway\/#website\"},\"datePublished\":\"2025-03-20T13:52:37+00:00\",\"dateModified\":\"2025-05-17T14:34:00+00:00\",\"description\":\"\u00d8k sjansen din til \u00e5 vinne! Gj\u00f8r et innskudd p\u00e5 30 NOK eller mer hos SpinBetter, f\u00e5 lodd og konkurrer om 300 000 NOK freebets og 2 000 000 kampanjepoeng hver uke. Jo flere lodd du har, jo n\u00e6rmere er du \u00e5 vinne!\",\"breadcrumb\":{\"@id\":\"https:\/\/spinbetter.games\/norway\/bonus\/deposit-lottery\/#breadcrumb\"},\"inLanguage\":\"nn-NO\",\"potentialAction\":[{\"@type\":\"ReadAction\",\"target\":[\"https:\/\/spinbetter.games\/norway\/bonus\/deposit-lottery\/\"]}]},{\"@type\":\"BreadcrumbList\",\"@id\":\"https:\/\/spinbetter.games\/norway\/bonus\/deposit-lottery\/#breadcrumb\",\"itemListElement\":[{\"@type\":\"ListItem\",\"position\":1,\"name\":\"\u0413\u043b\u0430\u0432\u043d\u0430\u044f \u0441\u0442\u0440\u0430\u043d\u0438\u0446\u0430\",\"item\":\"https:\/\/spinbetter.games\/norway\/\"},{\"@type\":\"ListItem\",\"position\":2,\"name\":\"Bonus\",\"item\":\"https:\/\/spinbetter.games\/norway\/bonus\/\"},{\"@type\":\"ListItem\",\"position\":3,\"name\":\"Innskuddslotteri\"}]},{\"@type\":\"WebSite\",\"@id\":\"https:\/\/spinbetter.games\/norway\/#website\",\"url\":\"https:\/\/spinbetter.games\/norway\/\",\"name\":\"Spinbetter NO\",\"description\":\"My WordPress Blog\",\"potentialAction\":[{\"@type\":\"SearchAction\",\"target\":{\"@type\":\"EntryPoint\",\"urlTemplate\":\"https:\/\/spinbetter.games\/norway\/?s={search_term_string}\"},\"query-input\":{\"@type\":\"PropertyValueSpecification\",\"valueRequired\":true,\"valueName\":\"search_term_string\"}}],\"inLanguage\":\"nn-NO\"}]}<\/script>\n<!-- \/ Yoast SEO plugin. -->","yoast_head_json":{"title":"SpinBetter Innskuddslotteri: F\u00e5 ukentlige gratisspill og poeng","description":"\u00d8k sjansen din til \u00e5 vinne! Gj\u00f8r et innskudd p\u00e5 30 NOK eller mer hos SpinBetter, f\u00e5 lodd og konkurrer om 300 000 NOK freebets og 2 000 000 kampanjepoeng hver uke. Jo flere lodd du har, jo n\u00e6rmere er du \u00e5 vinne!","robots":{"index":"index","follow":"follow","max-snippet":"max-snippet:-1","max-image-preview":"max-image-preview:large","max-video-preview":"max-video-preview:-1"},"canonical":"https:\/\/spinbetter.games\/norway\/bonus\/deposit-lottery\/","og_locale":"nn_NO","og_type":"article","og_title":"SpinBetter Innskuddslotteri: F\u00e5 ukentlige gratisspill og poeng","og_description":"\u00d8k sjansen din til \u00e5 vinne! Gj\u00f8r et innskudd p\u00e5 30 NOK eller mer hos SpinBetter, f\u00e5 lodd og konkurrer om 300 000 NOK freebets og 2 000 000 kampanjepoeng hver uke. Jo flere lodd du har, jo n\u00e6rmere er du \u00e5 vinne!","og_url":"https:\/\/spinbetter.games\/norway\/bonus\/deposit-lottery\/","og_site_name":"Spinbetter NO","article_modified_time":"2025-05-17T14:34:00+00:00","twitter_card":"summary_large_image","schema":{"@context":"https:\/\/schema.org","@graph":[{"@type":"WebPage","@id":"https:\/\/spinbetter.games\/norway\/bonus\/deposit-lottery\/","url":"https:\/\/spinbetter.games\/norway\/bonus\/deposit-lottery\/","name":"SpinBetter Innskuddslotteri: F\u00e5 ukentlige gratisspill og poeng","isPartOf":{"@id":"https:\/\/spinbetter.games\/norway\/#website"},"datePublished":"2025-03-20T13:52:37+00:00","dateModified":"2025-05-17T14:34:00+00:00","description":"\u00d8k sjansen din til \u00e5 vinne! Gj\u00f8r et innskudd p\u00e5 30 NOK eller mer hos SpinBetter, f\u00e5 lodd og konkurrer om 300 000 NOK freebets og 2 000 000 kampanjepoeng hver uke. Jo flere lodd du har, jo n\u00e6rmere er du \u00e5 vinne!","breadcrumb":{"@id":"https:\/\/spinbetter.games\/norway\/bonus\/deposit-lottery\/#breadcrumb"},"inLanguage":"nn-NO","potentialAction":[{"@type":"ReadAction","target":["https:\/\/spinbetter.games\/norway\/bonus\/deposit-lottery\/"]}]},{"@type":"BreadcrumbList","@id":"https:\/\/spinbetter.games\/norway\/bonus\/deposit-lottery\/#breadcrumb","itemListElement":[{"@type":"ListItem","position":1,"name":"\u0413\u043b\u0430\u0432\u043d\u0430\u044f \u0441\u0442\u0440\u0430\u043d\u0438\u0446\u0430","item":"https:\/\/spinbetter.games\/norway\/"},{"@type":"ListItem","position":2,"name":"Bonus","item":"https:\/\/spinbetter.games\/norway\/bonus\/"},{"@type":"ListItem","position":3,"name":"Innskuddslotteri"}]},{"@type":"WebSite","@id":"https:\/\/spinbetter.games\/norway\/#website","url":"https:\/\/spinbetter.games\/norway\/","name":"Spinbetter NO","description":"My WordPress Blog","potentialAction":[{"@type":"SearchAction","target":{"@type":"EntryPoint","urlTemplate":"https:\/\/spinbetter.games\/norway\/?s={search_term_string}"},"query-input":{"@type":"PropertyValueSpecification","valueRequired":true,"valueName":"search_term_string"}}],"inLanguage":"nn-NO"}]}},"_links":{"self":[{"href":"https:\/\/spinbetter.games\/norway\/wp-json\/wp\/v2\/pages\/1035","targetHints":{"allow":["GET"]}}],"collection":[{"href":"https:\/\/spinbetter.games\/norway\/wp-json\/wp\/v2\/pages"}],"about":[{"href":"https:\/\/spinbetter.games\/norway\/wp-json\/wp\/v2\/types\/page"}],"author":[{"embeddable":true,"href":"https:\/\/spinbetter.games\/norway\/wp-json\/wp\/v2\/users\/1"}],"replies":[{"embeddable":true,"href":"https:\/\/spinbetter.games\/norway\/wp-json\/wp\/v2\/comments?post=1035"}],"version-history":[{"count":14,"href":"https:\/\/spinbetter.games\/norway\/wp-json\/wp\/v2\/pages\/1035\/revisions"}],"predecessor-version":[{"id":1407,"href":"https:\/\/spinbetter.games\/norway\/wp-json\/wp\/v2\/pages\/1035\/revisions\/1407"}],"up":[{"embeddable":true,"href":"https:\/\/spinbetter.games\/norway\/wp-json\/wp\/v2\/pages\/152"}],"wp:attachment":[{"href":"https:\/\/spinbetter.games\/norway\/wp-json\/wp\/v2\/media?parent=1035"}],"curies":[{"name":"wp","href":"https:\/\/api.w.org\/{rel}","templated":true}]}}