{"id":1203,"date":"2025-05-09T12:45:23","date_gmt":"2025-05-09T12:45:23","guid":{"rendered":"https:\/\/spinbetter.games\/peru\/?page_id=1203"},"modified":"2026-01-07T08:04:23","modified_gmt":"2026-01-07T08:04:23","slug":"express-of-the-day","status":"publish","type":"page","link":"https:\/\/spinbetter.games\/peru\/bonus\/express-of-the-day\/","title":{"rendered":"Expreso del d\u00eda"},"content":{"rendered":"","protected":false},"excerpt":{"rendered":"","protected":false},"author":1,"featured_media":0,"parent":152,"menu_order":0,"comment_status":"closed","ping_status":"closed","template":"","meta":{"footnotes":""},"class_list":["post-1203","page","type-page","status-publish","hentry"],"yoast_head":"<!-- This site is optimized with the Yoast SEO plugin v26.8 - https:\/\/yoast.com\/product\/yoast-seo-wordpress\/ -->\n<title>Combinada del d\u00eda SpinBetter \ud83d\ude80 Bono del 10% en Per\u00fa<\/title>\n<meta name=\"description\" content=\"\u00a1No pierdas la oportunidad de maximizar tus ganancias! Con SpinBetter no solo obtienes apuestas, sino un 10 % adicional a tus ganancias en la Express del d\u00eda. Haz tu pron\u00f3stico hoy mismo y multiplica tus posibilidades de \u00e9xito con expresas cuidadosamente seleccionadas.\" \/>\n<meta name=\"robots\" content=\"index, follow, max-snippet:-1, max-image-preview:large, max-video-preview:-1\" \/>\n<link rel=\"canonical\" href=\"https:\/\/spinbetter.games\/peru\/bonus\/express-of-the-day\/\" \/>\n<meta property=\"og:locale\" content=\"es_ES\" \/>\n<meta property=\"og:type\" content=\"article\" \/>\n<meta property=\"og:title\" content=\"Combinada del d\u00eda SpinBetter \ud83d\ude80 Bono del 10% en Per\u00fa\" \/>\n<meta property=\"og:description\" content=\"\u00a1No pierdas la oportunidad de maximizar tus ganancias! Con SpinBetter no solo obtienes apuestas, sino un 10 % adicional a tus ganancias en la Express del d\u00eda. Haz tu pron\u00f3stico hoy mismo y multiplica tus posibilidades de \u00e9xito con expresas cuidadosamente seleccionadas.\" \/>\n<meta property=\"og:url\" content=\"https:\/\/spinbetter.games\/peru\/bonus\/express-of-the-day\/\" \/>\n<meta property=\"og:site_name\" content=\"SpinBetter PE\" \/>\n<meta property=\"article:modified_time\" content=\"2026-01-07T08:04:23+00:00\" \/>\n<meta name=\"twitter:card\" content=\"summary_large_image\" \/>\n<script type=\"application\/ld+json\" class=\"yoast-schema-graph\">{\"@context\":\"https:\/\/schema.org\",\"@graph\":[{\"@type\":\"WebPage\",\"@id\":\"https:\/\/spinbetter.games\/peru\/bonus\/express-of-the-day\/\",\"url\":\"https:\/\/spinbetter.games\/peru\/bonus\/express-of-the-day\/\",\"name\":\"Combinada del d\u00eda SpinBetter \ud83d\ude80 Bono del 10% en Per\u00fa\",\"isPartOf\":{\"@id\":\"https:\/\/spinbetter.games\/peru\/#website\"},\"datePublished\":\"2025-05-09T12:45:23+00:00\",\"dateModified\":\"2026-01-07T08:04:23+00:00\",\"description\":\"\u00a1No pierdas la oportunidad de maximizar tus ganancias! Con SpinBetter no solo obtienes apuestas, sino un 10 % adicional a tus ganancias en la Express del d\u00eda. Haz tu pron\u00f3stico hoy mismo y multiplica tus posibilidades de \u00e9xito con expresas cuidadosamente seleccionadas.\",\"breadcrumb\":{\"@id\":\"https:\/\/spinbetter.games\/peru\/bonus\/express-of-the-day\/#breadcrumb\"},\"inLanguage\":\"es-PE\",\"potentialAction\":[{\"@type\":\"ReadAction\",\"target\":[\"https:\/\/spinbetter.games\/peru\/bonus\/express-of-the-day\/\"]}]},{\"@type\":\"BreadcrumbList\",\"@id\":\"https:\/\/spinbetter.games\/peru\/bonus\/express-of-the-day\/#breadcrumb\",\"itemListElement\":[{\"@type\":\"ListItem\",\"position\":1,\"name\":\"\u0413\u043b\u0430\u0432\u043d\u0430\u044f \u0441\u0442\u0440\u0430\u043d\u0438\u0446\u0430\",\"item\":\"https:\/\/spinbetter.games\/peru\/\"},{\"@type\":\"ListItem\",\"position\":2,\"name\":\"Bonificaci\u00f3n\",\"item\":\"https:\/\/spinbetter.games\/peru\/bonus\/\"},{\"@type\":\"ListItem\",\"position\":3,\"name\":\"Expreso del d\u00eda\"}]},{\"@type\":\"WebSite\",\"@id\":\"https:\/\/spinbetter.games\/peru\/#website\",\"url\":\"https:\/\/spinbetter.games\/peru\/\",\"name\":\"SpinBetter PE\",\"description\":\"\",\"potentialAction\":[{\"@type\":\"SearchAction\",\"target\":{\"@type\":\"EntryPoint\",\"urlTemplate\":\"https:\/\/spinbetter.games\/peru\/?s={search_term_string}\"},\"query-input\":{\"@type\":\"PropertyValueSpecification\",\"valueRequired\":true,\"valueName\":\"search_term_string\"}}],\"inLanguage\":\"es-PE\"}]}<\/script>\n<!-- \/ Yoast SEO plugin. -->","yoast_head_json":{"title":"Combinada del d\u00eda SpinBetter \ud83d\ude80 Bono del 10% en Per\u00fa","description":"\u00a1No pierdas la oportunidad de maximizar tus ganancias! Con SpinBetter no solo obtienes apuestas, sino un 10 % adicional a tus ganancias en la Express del d\u00eda. Haz tu pron\u00f3stico hoy mismo y multiplica tus posibilidades de \u00e9xito con expresas cuidadosamente seleccionadas.","robots":{"index":"index","follow":"follow","max-snippet":"max-snippet:-1","max-image-preview":"max-image-preview:large","max-video-preview":"max-video-preview:-1"},"canonical":"https:\/\/spinbetter.games\/peru\/bonus\/express-of-the-day\/","og_locale":"es_ES","og_type":"article","og_title":"Combinada del d\u00eda SpinBetter \ud83d\ude80 Bono del 10% en Per\u00fa","og_description":"\u00a1No pierdas la oportunidad de maximizar tus ganancias! Con SpinBetter no solo obtienes apuestas, sino un 10 % adicional a tus ganancias en la Express del d\u00eda. Haz tu pron\u00f3stico hoy mismo y multiplica tus posibilidades de \u00e9xito con expresas cuidadosamente seleccionadas.","og_url":"https:\/\/spinbetter.games\/peru\/bonus\/express-of-the-day\/","og_site_name":"SpinBetter PE","article_modified_time":"2026-01-07T08:04:23+00:00","twitter_card":"summary_large_image","schema":{"@context":"https:\/\/schema.org","@graph":[{"@type":"WebPage","@id":"https:\/\/spinbetter.games\/peru\/bonus\/express-of-the-day\/","url":"https:\/\/spinbetter.games\/peru\/bonus\/express-of-the-day\/","name":"Combinada del d\u00eda SpinBetter \ud83d\ude80 Bono del 10% en Per\u00fa","isPartOf":{"@id":"https:\/\/spinbetter.games\/peru\/#website"},"datePublished":"2025-05-09T12:45:23+00:00","dateModified":"2026-01-07T08:04:23+00:00","description":"\u00a1No pierdas la oportunidad de maximizar tus ganancias! Con SpinBetter no solo obtienes apuestas, sino un 10 % adicional a tus ganancias en la Express del d\u00eda. Haz tu pron\u00f3stico hoy mismo y multiplica tus posibilidades de \u00e9xito con expresas cuidadosamente seleccionadas.","breadcrumb":{"@id":"https:\/\/spinbetter.games\/peru\/bonus\/express-of-the-day\/#breadcrumb"},"inLanguage":"es-PE","potentialAction":[{"@type":"ReadAction","target":["https:\/\/spinbetter.games\/peru\/bonus\/express-of-the-day\/"]}]},{"@type":"BreadcrumbList","@id":"https:\/\/spinbetter.games\/peru\/bonus\/express-of-the-day\/#breadcrumb","itemListElement":[{"@type":"ListItem","position":1,"name":"\u0413\u043b\u0430\u0432\u043d\u0430\u044f \u0441\u0442\u0440\u0430\u043d\u0438\u0446\u0430","item":"https:\/\/spinbetter.games\/peru\/"},{"@type":"ListItem","position":2,"name":"Bonificaci\u00f3n","item":"https:\/\/spinbetter.games\/peru\/bonus\/"},{"@type":"ListItem","position":3,"name":"Expreso del d\u00eda"}]},{"@type":"WebSite","@id":"https:\/\/spinbetter.games\/peru\/#website","url":"https:\/\/spinbetter.games\/peru\/","name":"SpinBetter PE","description":"","potentialAction":[{"@type":"SearchAction","target":{"@type":"EntryPoint","urlTemplate":"https:\/\/spinbetter.games\/peru\/?s={search_term_string}"},"query-input":{"@type":"PropertyValueSpecification","valueRequired":true,"valueName":"search_term_string"}}],"inLanguage":"es-PE"}]}},"_links":{"self":[{"href":"https:\/\/spinbetter.games\/peru\/wp-json\/wp\/v2\/pages\/1203","targetHints":{"allow":["GET"]}}],"collection":[{"href":"https:\/\/spinbetter.games\/peru\/wp-json\/wp\/v2\/pages"}],"about":[{"href":"https:\/\/spinbetter.games\/peru\/wp-json\/wp\/v2\/types\/page"}],"author":[{"embeddable":true,"href":"https:\/\/spinbetter.games\/peru\/wp-json\/wp\/v2\/users\/1"}],"replies":[{"embeddable":true,"href":"https:\/\/spinbetter.games\/peru\/wp-json\/wp\/v2\/comments?post=1203"}],"version-history":[{"count":5,"href":"https:\/\/spinbetter.games\/peru\/wp-json\/wp\/v2\/pages\/1203\/revisions"}],"predecessor-version":[{"id":2018,"href":"https:\/\/spinbetter.games\/peru\/wp-json\/wp\/v2\/pages\/1203\/revisions\/2018"}],"up":[{"embeddable":true,"href":"https:\/\/spinbetter.games\/peru\/wp-json\/wp\/v2\/pages\/152"}],"wp:attachment":[{"href":"https:\/\/spinbetter.games\/peru\/wp-json\/wp\/v2\/media?parent=1203"}],"curies":[{"name":"wp","href":"https:\/\/api.w.org\/{rel}","templated":true}]}}