{"id":1035,"date":"2025-03-20T13:52:37","date_gmt":"2025-03-20T13:52:37","guid":{"rendered":"https:\/\/spinbetter.games\/?page_id=1035"},"modified":"2026-03-27T11:43:19","modified_gmt":"2026-03-27T11:43:19","slug":"deposit-lottery","status":"publish","type":"page","link":"https:\/\/spinbetter.games\/poland\/bonus\/deposit-lottery\/","title":{"rendered":"Loteria depozyt\u00f3w"},"content":{"rendered":"","protected":false},"excerpt":{"rendered":"","protected":false},"author":1,"featured_media":0,"parent":152,"menu_order":0,"comment_status":"closed","ping_status":"closed","template":"","meta":{"footnotes":""},"class_list":["post-1035","page","type-page","status-publish","hentry"],"yoast_head":"<!-- This site is optimized with the Yoast SEO plugin v26.8 - https:\/\/yoast.com\/product\/yoast-seo-wordpress\/ -->\n<title>Loteria depozyt\u00f3w SpinBetter: Darmowe zak\u0142ady co tydzie\u0144<\/title>\n<meta name=\"description\" content=\"Zwi\u0119ksz swoj\u0105 szans\u0119 na wygran\u0105! Dokonaj depozytu w wysoko\u015bci 6 z\u0142 lub wi\u0119cej w SpinBetter, zdob\u0105d\u017a bilety i rywalizuj o 120 000 z\u0142 freebet\u00f3w i 2 000 000 punkt\u00f3w promocyjnych co tydzie\u0144. Im wi\u0119cej kupon\u00f3w posiadasz, tym bli\u017cej jeste\u015b wygranej!\" \/>\n<meta name=\"robots\" content=\"index, follow, max-snippet:-1, max-image-preview:large, max-video-preview:-1\" \/>\n<link rel=\"canonical\" href=\"https:\/\/spinbetter.games\/poland\/bonus\/deposit-lottery\/\" \/>\n<meta property=\"og:locale\" content=\"pl_PL\" \/>\n<meta property=\"og:type\" content=\"article\" \/>\n<meta property=\"og:title\" content=\"Loteria depozyt\u00f3w SpinBetter: Darmowe zak\u0142ady co tydzie\u0144\" \/>\n<meta property=\"og:description\" content=\"Zwi\u0119ksz swoj\u0105 szans\u0119 na wygran\u0105! Dokonaj depozytu w wysoko\u015bci 6 z\u0142 lub wi\u0119cej w SpinBetter, zdob\u0105d\u017a bilety i rywalizuj o 120 000 z\u0142 freebet\u00f3w i 2 000 000 punkt\u00f3w promocyjnych co tydzie\u0144. Im wi\u0119cej kupon\u00f3w posiadasz, tym bli\u017cej jeste\u015b wygranej!\" \/>\n<meta property=\"og:url\" content=\"https:\/\/spinbetter.games\/poland\/bonus\/deposit-lottery\/\" \/>\n<meta property=\"og:site_name\" content=\"SpinBetter pl\" \/>\n<meta property=\"article:modified_time\" content=\"2026-03-27T11:43:19+00:00\" \/>\n<meta name=\"twitter:card\" content=\"summary_large_image\" \/>\n<script type=\"application\/ld+json\" class=\"yoast-schema-graph\">{\"@context\":\"https:\/\/schema.org\",\"@graph\":[{\"@type\":\"WebPage\",\"@id\":\"https:\/\/spinbetter.games\/poland\/bonus\/deposit-lottery\/\",\"url\":\"https:\/\/spinbetter.games\/poland\/bonus\/deposit-lottery\/\",\"name\":\"Loteria depozyt\u00f3w SpinBetter: Darmowe zak\u0142ady co tydzie\u0144\",\"isPartOf\":{\"@id\":\"https:\/\/spinbetter.games\/poland\/#website\"},\"datePublished\":\"2025-03-20T13:52:37+00:00\",\"dateModified\":\"2026-03-27T11:43:19+00:00\",\"description\":\"Zwi\u0119ksz swoj\u0105 szans\u0119 na wygran\u0105! Dokonaj depozytu w wysoko\u015bci 6 z\u0142 lub wi\u0119cej w SpinBetter, zdob\u0105d\u017a bilety i rywalizuj o 120 000 z\u0142 freebet\u00f3w i 2 000 000 punkt\u00f3w promocyjnych co tydzie\u0144. Im wi\u0119cej kupon\u00f3w posiadasz, tym bli\u017cej jeste\u015b wygranej!\",\"breadcrumb\":{\"@id\":\"https:\/\/spinbetter.games\/poland\/bonus\/deposit-lottery\/#breadcrumb\"},\"inLanguage\":\"pl-PL\",\"potentialAction\":[{\"@type\":\"ReadAction\",\"target\":[\"https:\/\/spinbetter.games\/poland\/bonus\/deposit-lottery\/\"]}]},{\"@type\":\"BreadcrumbList\",\"@id\":\"https:\/\/spinbetter.games\/poland\/bonus\/deposit-lottery\/#breadcrumb\",\"itemListElement\":[{\"@type\":\"ListItem\",\"position\":1,\"name\":\"\u0413\u043b\u0430\u0432\u043d\u0430\u044f \u0441\u0442\u0440\u0430\u043d\u0438\u0446\u0430\",\"item\":\"https:\/\/spinbetter.games\/poland\/\"},{\"@type\":\"ListItem\",\"position\":2,\"name\":\"Bonus\",\"item\":\"https:\/\/spinbetter.games\/poland\/bonus\/\"},{\"@type\":\"ListItem\",\"position\":3,\"name\":\"Loteria depozyt\u00f3w\"}]},{\"@type\":\"WebSite\",\"@id\":\"https:\/\/spinbetter.games\/poland\/#website\",\"url\":\"https:\/\/spinbetter.games\/poland\/\",\"name\":\"SpinBetter pl\",\"description\":\"My WordPress Blog\",\"potentialAction\":[{\"@type\":\"SearchAction\",\"target\":{\"@type\":\"EntryPoint\",\"urlTemplate\":\"https:\/\/spinbetter.games\/poland\/?s={search_term_string}\"},\"query-input\":{\"@type\":\"PropertyValueSpecification\",\"valueRequired\":true,\"valueName\":\"search_term_string\"}}],\"inLanguage\":\"pl-PL\"}]}<\/script>\n<!-- \/ Yoast SEO plugin. -->","yoast_head_json":{"title":"Loteria depozyt\u00f3w SpinBetter: Darmowe zak\u0142ady co tydzie\u0144","description":"Zwi\u0119ksz swoj\u0105 szans\u0119 na wygran\u0105! Dokonaj depozytu w wysoko\u015bci 6 z\u0142 lub wi\u0119cej w SpinBetter, zdob\u0105d\u017a bilety i rywalizuj o 120 000 z\u0142 freebet\u00f3w i 2 000 000 punkt\u00f3w promocyjnych co tydzie\u0144. Im wi\u0119cej kupon\u00f3w posiadasz, tym bli\u017cej jeste\u015b wygranej!","robots":{"index":"index","follow":"follow","max-snippet":"max-snippet:-1","max-image-preview":"max-image-preview:large","max-video-preview":"max-video-preview:-1"},"canonical":"https:\/\/spinbetter.games\/poland\/bonus\/deposit-lottery\/","og_locale":"pl_PL","og_type":"article","og_title":"Loteria depozyt\u00f3w SpinBetter: Darmowe zak\u0142ady co tydzie\u0144","og_description":"Zwi\u0119ksz swoj\u0105 szans\u0119 na wygran\u0105! Dokonaj depozytu w wysoko\u015bci 6 z\u0142 lub wi\u0119cej w SpinBetter, zdob\u0105d\u017a bilety i rywalizuj o 120 000 z\u0142 freebet\u00f3w i 2 000 000 punkt\u00f3w promocyjnych co tydzie\u0144. Im wi\u0119cej kupon\u00f3w posiadasz, tym bli\u017cej jeste\u015b wygranej!","og_url":"https:\/\/spinbetter.games\/poland\/bonus\/deposit-lottery\/","og_site_name":"SpinBetter pl","article_modified_time":"2026-03-27T11:43:19+00:00","twitter_card":"summary_large_image","schema":{"@context":"https:\/\/schema.org","@graph":[{"@type":"WebPage","@id":"https:\/\/spinbetter.games\/poland\/bonus\/deposit-lottery\/","url":"https:\/\/spinbetter.games\/poland\/bonus\/deposit-lottery\/","name":"Loteria depozyt\u00f3w SpinBetter: Darmowe zak\u0142ady co tydzie\u0144","isPartOf":{"@id":"https:\/\/spinbetter.games\/poland\/#website"},"datePublished":"2025-03-20T13:52:37+00:00","dateModified":"2026-03-27T11:43:19+00:00","description":"Zwi\u0119ksz swoj\u0105 szans\u0119 na wygran\u0105! Dokonaj depozytu w wysoko\u015bci 6 z\u0142 lub wi\u0119cej w SpinBetter, zdob\u0105d\u017a bilety i rywalizuj o 120 000 z\u0142 freebet\u00f3w i 2 000 000 punkt\u00f3w promocyjnych co tydzie\u0144. Im wi\u0119cej kupon\u00f3w posiadasz, tym bli\u017cej jeste\u015b wygranej!","breadcrumb":{"@id":"https:\/\/spinbetter.games\/poland\/bonus\/deposit-lottery\/#breadcrumb"},"inLanguage":"pl-PL","potentialAction":[{"@type":"ReadAction","target":["https:\/\/spinbetter.games\/poland\/bonus\/deposit-lottery\/"]}]},{"@type":"BreadcrumbList","@id":"https:\/\/spinbetter.games\/poland\/bonus\/deposit-lottery\/#breadcrumb","itemListElement":[{"@type":"ListItem","position":1,"name":"\u0413\u043b\u0430\u0432\u043d\u0430\u044f \u0441\u0442\u0440\u0430\u043d\u0438\u0446\u0430","item":"https:\/\/spinbetter.games\/poland\/"},{"@type":"ListItem","position":2,"name":"Bonus","item":"https:\/\/spinbetter.games\/poland\/bonus\/"},{"@type":"ListItem","position":3,"name":"Loteria depozyt\u00f3w"}]},{"@type":"WebSite","@id":"https:\/\/spinbetter.games\/poland\/#website","url":"https:\/\/spinbetter.games\/poland\/","name":"SpinBetter pl","description":"My WordPress Blog","potentialAction":[{"@type":"SearchAction","target":{"@type":"EntryPoint","urlTemplate":"https:\/\/spinbetter.games\/poland\/?s={search_term_string}"},"query-input":{"@type":"PropertyValueSpecification","valueRequired":true,"valueName":"search_term_string"}}],"inLanguage":"pl-PL"}]}},"_links":{"self":[{"href":"https:\/\/spinbetter.games\/poland\/wp-json\/wp\/v2\/pages\/1035","targetHints":{"allow":["GET"]}}],"collection":[{"href":"https:\/\/spinbetter.games\/poland\/wp-json\/wp\/v2\/pages"}],"about":[{"href":"https:\/\/spinbetter.games\/poland\/wp-json\/wp\/v2\/types\/page"}],"author":[{"embeddable":true,"href":"https:\/\/spinbetter.games\/poland\/wp-json\/wp\/v2\/users\/1"}],"replies":[{"embeddable":true,"href":"https:\/\/spinbetter.games\/poland\/wp-json\/wp\/v2\/comments?post=1035"}],"version-history":[{"count":3,"href":"https:\/\/spinbetter.games\/poland\/wp-json\/wp\/v2\/pages\/1035\/revisions"}],"predecessor-version":[{"id":1154,"href":"https:\/\/spinbetter.games\/poland\/wp-json\/wp\/v2\/pages\/1035\/revisions\/1154"}],"up":[{"embeddable":true,"href":"https:\/\/spinbetter.games\/poland\/wp-json\/wp\/v2\/pages\/152"}],"wp:attachment":[{"href":"https:\/\/spinbetter.games\/poland\/wp-json\/wp\/v2\/media?parent=1035"}],"curies":[{"name":"wp","href":"https:\/\/api.w.org\/{rel}","templated":true}]}}