{"id":1169,"date":"2025-04-24T06:58:48","date_gmt":"2025-04-24T06:58:48","guid":{"rendered":"https:\/\/spinbetter.games\/poland\/?page_id=1169"},"modified":"2026-03-27T11:41:39","modified_gmt":"2026-03-27T11:41:39","slug":"express-of-the-day","status":"publish","type":"page","link":"https:\/\/spinbetter.games\/poland\/bonus\/express-of-the-day\/","title":{"rendered":"Express dnia"},"content":{"rendered":"","protected":false},"excerpt":{"rendered":"","protected":false},"author":1,"featured_media":0,"parent":152,"menu_order":0,"comment_status":"closed","ping_status":"closed","template":"","meta":{"footnotes":""},"class_list":["post-1169","page","type-page","status-publish","hentry"],"yoast_head":"<!-- This site is optimized with the Yoast SEO plugin v26.8 - https:\/\/yoast.com\/product\/yoast-seo-wordpress\/ -->\n<title>Ekspres dnia SpinBetter z 10% dodatkowym zyskiem<\/title>\n<meta name=\"description\" content=\"Nie przegap szansy na zmaksymalizowanie swoich wygranych! Dzi\u0119ki SpinBetter otrzymujesz nie tylko zak\u0142ady, ale tak\u017ce dodatkowe 10% do swoich zysk\u00f3w z Express of the Day! Typuj ju\u017c dzi\u015b i zwielokrotnij swoje szanse na sukces dzi\u0119ki starannie wyselekcjonowanym ekspresom.\" \/>\n<meta name=\"robots\" content=\"index, follow, max-snippet:-1, max-image-preview:large, max-video-preview:-1\" \/>\n<link rel=\"canonical\" href=\"https:\/\/spinbetter.games\/poland\/bonus\/express-of-the-day\/\" \/>\n<meta property=\"og:locale\" content=\"pl_PL\" \/>\n<meta property=\"og:type\" content=\"article\" \/>\n<meta property=\"og:title\" content=\"Ekspres dnia SpinBetter z 10% dodatkowym zyskiem\" \/>\n<meta property=\"og:description\" content=\"Nie przegap szansy na zmaksymalizowanie swoich wygranych! Dzi\u0119ki SpinBetter otrzymujesz nie tylko zak\u0142ady, ale tak\u017ce dodatkowe 10% do swoich zysk\u00f3w z Express of the Day! Typuj ju\u017c dzi\u015b i zwielokrotnij swoje szanse na sukces dzi\u0119ki starannie wyselekcjonowanym ekspresom.\" \/>\n<meta property=\"og:url\" content=\"https:\/\/spinbetter.games\/poland\/bonus\/express-of-the-day\/\" \/>\n<meta property=\"og:site_name\" content=\"SpinBetter pl\" \/>\n<meta property=\"article:modified_time\" content=\"2026-03-27T11:41:39+00:00\" \/>\n<meta name=\"twitter:card\" content=\"summary_large_image\" \/>\n<script type=\"application\/ld+json\" class=\"yoast-schema-graph\">{\"@context\":\"https:\/\/schema.org\",\"@graph\":[{\"@type\":\"WebPage\",\"@id\":\"https:\/\/spinbetter.games\/poland\/bonus\/express-of-the-day\/\",\"url\":\"https:\/\/spinbetter.games\/poland\/bonus\/express-of-the-day\/\",\"name\":\"Ekspres dnia SpinBetter z 10% dodatkowym zyskiem\",\"isPartOf\":{\"@id\":\"https:\/\/spinbetter.games\/poland\/#website\"},\"datePublished\":\"2025-04-24T06:58:48+00:00\",\"dateModified\":\"2026-03-27T11:41:39+00:00\",\"description\":\"Nie przegap szansy na zmaksymalizowanie swoich wygranych! Dzi\u0119ki SpinBetter otrzymujesz nie tylko zak\u0142ady, ale tak\u017ce dodatkowe 10% do swoich zysk\u00f3w z Express of the Day! Typuj ju\u017c dzi\u015b i zwielokrotnij swoje szanse na sukces dzi\u0119ki starannie wyselekcjonowanym ekspresom.\",\"breadcrumb\":{\"@id\":\"https:\/\/spinbetter.games\/poland\/bonus\/express-of-the-day\/#breadcrumb\"},\"inLanguage\":\"pl-PL\",\"potentialAction\":[{\"@type\":\"ReadAction\",\"target\":[\"https:\/\/spinbetter.games\/poland\/bonus\/express-of-the-day\/\"]}]},{\"@type\":\"BreadcrumbList\",\"@id\":\"https:\/\/spinbetter.games\/poland\/bonus\/express-of-the-day\/#breadcrumb\",\"itemListElement\":[{\"@type\":\"ListItem\",\"position\":1,\"name\":\"\u0413\u043b\u0430\u0432\u043d\u0430\u044f \u0441\u0442\u0440\u0430\u043d\u0438\u0446\u0430\",\"item\":\"https:\/\/spinbetter.games\/poland\/\"},{\"@type\":\"ListItem\",\"position\":2,\"name\":\"Bonus\",\"item\":\"https:\/\/spinbetter.games\/poland\/bonus\/\"},{\"@type\":\"ListItem\",\"position\":3,\"name\":\"Express dnia\"}]},{\"@type\":\"WebSite\",\"@id\":\"https:\/\/spinbetter.games\/poland\/#website\",\"url\":\"https:\/\/spinbetter.games\/poland\/\",\"name\":\"SpinBetter pl\",\"description\":\"My WordPress Blog\",\"potentialAction\":[{\"@type\":\"SearchAction\",\"target\":{\"@type\":\"EntryPoint\",\"urlTemplate\":\"https:\/\/spinbetter.games\/poland\/?s={search_term_string}\"},\"query-input\":{\"@type\":\"PropertyValueSpecification\",\"valueRequired\":true,\"valueName\":\"search_term_string\"}}],\"inLanguage\":\"pl-PL\"}]}<\/script>\n<!-- \/ Yoast SEO plugin. -->","yoast_head_json":{"title":"Ekspres dnia SpinBetter z 10% dodatkowym zyskiem","description":"Nie przegap szansy na zmaksymalizowanie swoich wygranych! Dzi\u0119ki SpinBetter otrzymujesz nie tylko zak\u0142ady, ale tak\u017ce dodatkowe 10% do swoich zysk\u00f3w z Express of the Day! Typuj ju\u017c dzi\u015b i zwielokrotnij swoje szanse na sukces dzi\u0119ki starannie wyselekcjonowanym ekspresom.","robots":{"index":"index","follow":"follow","max-snippet":"max-snippet:-1","max-image-preview":"max-image-preview:large","max-video-preview":"max-video-preview:-1"},"canonical":"https:\/\/spinbetter.games\/poland\/bonus\/express-of-the-day\/","og_locale":"pl_PL","og_type":"article","og_title":"Ekspres dnia SpinBetter z 10% dodatkowym zyskiem","og_description":"Nie przegap szansy na zmaksymalizowanie swoich wygranych! Dzi\u0119ki SpinBetter otrzymujesz nie tylko zak\u0142ady, ale tak\u017ce dodatkowe 10% do swoich zysk\u00f3w z Express of the Day! Typuj ju\u017c dzi\u015b i zwielokrotnij swoje szanse na sukces dzi\u0119ki starannie wyselekcjonowanym ekspresom.","og_url":"https:\/\/spinbetter.games\/poland\/bonus\/express-of-the-day\/","og_site_name":"SpinBetter pl","article_modified_time":"2026-03-27T11:41:39+00:00","twitter_card":"summary_large_image","schema":{"@context":"https:\/\/schema.org","@graph":[{"@type":"WebPage","@id":"https:\/\/spinbetter.games\/poland\/bonus\/express-of-the-day\/","url":"https:\/\/spinbetter.games\/poland\/bonus\/express-of-the-day\/","name":"Ekspres dnia SpinBetter z 10% dodatkowym zyskiem","isPartOf":{"@id":"https:\/\/spinbetter.games\/poland\/#website"},"datePublished":"2025-04-24T06:58:48+00:00","dateModified":"2026-03-27T11:41:39+00:00","description":"Nie przegap szansy na zmaksymalizowanie swoich wygranych! Dzi\u0119ki SpinBetter otrzymujesz nie tylko zak\u0142ady, ale tak\u017ce dodatkowe 10% do swoich zysk\u00f3w z Express of the Day! Typuj ju\u017c dzi\u015b i zwielokrotnij swoje szanse na sukces dzi\u0119ki starannie wyselekcjonowanym ekspresom.","breadcrumb":{"@id":"https:\/\/spinbetter.games\/poland\/bonus\/express-of-the-day\/#breadcrumb"},"inLanguage":"pl-PL","potentialAction":[{"@type":"ReadAction","target":["https:\/\/spinbetter.games\/poland\/bonus\/express-of-the-day\/"]}]},{"@type":"BreadcrumbList","@id":"https:\/\/spinbetter.games\/poland\/bonus\/express-of-the-day\/#breadcrumb","itemListElement":[{"@type":"ListItem","position":1,"name":"\u0413\u043b\u0430\u0432\u043d\u0430\u044f \u0441\u0442\u0440\u0430\u043d\u0438\u0446\u0430","item":"https:\/\/spinbetter.games\/poland\/"},{"@type":"ListItem","position":2,"name":"Bonus","item":"https:\/\/spinbetter.games\/poland\/bonus\/"},{"@type":"ListItem","position":3,"name":"Express dnia"}]},{"@type":"WebSite","@id":"https:\/\/spinbetter.games\/poland\/#website","url":"https:\/\/spinbetter.games\/poland\/","name":"SpinBetter pl","description":"My WordPress Blog","potentialAction":[{"@type":"SearchAction","target":{"@type":"EntryPoint","urlTemplate":"https:\/\/spinbetter.games\/poland\/?s={search_term_string}"},"query-input":{"@type":"PropertyValueSpecification","valueRequired":true,"valueName":"search_term_string"}}],"inLanguage":"pl-PL"}]}},"_links":{"self":[{"href":"https:\/\/spinbetter.games\/poland\/wp-json\/wp\/v2\/pages\/1169","targetHints":{"allow":["GET"]}}],"collection":[{"href":"https:\/\/spinbetter.games\/poland\/wp-json\/wp\/v2\/pages"}],"about":[{"href":"https:\/\/spinbetter.games\/poland\/wp-json\/wp\/v2\/types\/page"}],"author":[{"embeddable":true,"href":"https:\/\/spinbetter.games\/poland\/wp-json\/wp\/v2\/users\/1"}],"replies":[{"embeddable":true,"href":"https:\/\/spinbetter.games\/poland\/wp-json\/wp\/v2\/comments?post=1169"}],"version-history":[{"count":1,"href":"https:\/\/spinbetter.games\/poland\/wp-json\/wp\/v2\/pages\/1169\/revisions"}],"predecessor-version":[{"id":1170,"href":"https:\/\/spinbetter.games\/poland\/wp-json\/wp\/v2\/pages\/1169\/revisions\/1170"}],"up":[{"embeddable":true,"href":"https:\/\/spinbetter.games\/poland\/wp-json\/wp\/v2\/pages\/152"}],"wp:attachment":[{"href":"https:\/\/spinbetter.games\/poland\/wp-json\/wp\/v2\/media?parent=1169"}],"curies":[{"name":"wp","href":"https:\/\/api.w.org\/{rel}","templated":true}]}}