{"id":1373,"date":"2025-04-20T05:57:06","date_gmt":"2025-04-20T05:57:06","guid":{"rendered":"https:\/\/spinbetter.games\/?page_id=1373"},"modified":"2026-04-01T09:06:25","modified_gmt":"2026-04-01T09:06:25","slug":"no-deposit","status":"publish","type":"page","link":"https:\/\/spinbetter.games\/poland\/bonus\/no-deposit\/","title":{"rendered":"Bonus bez depozytu"},"content":{"rendered":"","protected":false},"excerpt":{"rendered":"","protected":false},"author":1,"featured_media":0,"parent":152,"menu_order":0,"comment_status":"closed","ping_status":"closed","template":"","meta":{"footnotes":""},"class_list":["post-1373","page","type-page","status-publish","hentry"],"yoast_head":"<!-- This site is optimized with the Yoast SEO plugin v26.8 - https:\/\/yoast.com\/product\/yoast-seo-wordpress\/ -->\n<title>Bonus bez depozytu Spinbetter | Graj bez wp\u0142acania depozytu<\/title>\n<meta name=\"description\" content=\"Zdob\u0105d\u017a bonus bez depozytu Spinbetter i zacznij wygrywa\u0107 bez ryzyka! Zapomnij o depozytach \u2013 sprawd\u017a swoje szcz\u0119\u015bcie ju\u017c teraz, nie wydaj\u0105c ani grosza!\" \/>\n<meta name=\"robots\" content=\"index, follow, max-snippet:-1, max-image-preview:large, max-video-preview:-1\" \/>\n<link rel=\"canonical\" href=\"https:\/\/spinbetter.games\/poland\/bonus\/no-deposit\/\" \/>\n<meta property=\"og:locale\" content=\"pl_PL\" \/>\n<meta property=\"og:type\" content=\"article\" \/>\n<meta property=\"og:title\" content=\"Bonus bez depozytu Spinbetter | Graj bez wp\u0142acania depozytu\" \/>\n<meta property=\"og:description\" content=\"Zdob\u0105d\u017a bonus bez depozytu Spinbetter i zacznij wygrywa\u0107 bez ryzyka! Zapomnij o depozytach \u2013 sprawd\u017a swoje szcz\u0119\u015bcie ju\u017c teraz, nie wydaj\u0105c ani grosza!\" \/>\n<meta property=\"og:url\" content=\"https:\/\/spinbetter.games\/poland\/bonus\/no-deposit\/\" \/>\n<meta property=\"og:site_name\" content=\"SpinBetter pl\" \/>\n<meta property=\"article:modified_time\" content=\"2026-04-01T09:06:25+00:00\" \/>\n<meta name=\"twitter:card\" content=\"summary_large_image\" \/>\n<script type=\"application\/ld+json\" class=\"yoast-schema-graph\">{\"@context\":\"https:\/\/schema.org\",\"@graph\":[{\"@type\":\"WebPage\",\"@id\":\"https:\/\/spinbetter.games\/poland\/bonus\/no-deposit\/\",\"url\":\"https:\/\/spinbetter.games\/poland\/bonus\/no-deposit\/\",\"name\":\"Bonus bez depozytu Spinbetter | Graj bez wp\u0142acania depozytu\",\"isPartOf\":{\"@id\":\"https:\/\/spinbetter.games\/poland\/#website\"},\"datePublished\":\"2025-04-20T05:57:06+00:00\",\"dateModified\":\"2026-04-01T09:06:25+00:00\",\"description\":\"Zdob\u0105d\u017a bonus bez depozytu Spinbetter i zacznij wygrywa\u0107 bez ryzyka! Zapomnij o depozytach \u2013 sprawd\u017a swoje szcz\u0119\u015bcie ju\u017c teraz, nie wydaj\u0105c ani grosza!\",\"breadcrumb\":{\"@id\":\"https:\/\/spinbetter.games\/poland\/bonus\/no-deposit\/#breadcrumb\"},\"inLanguage\":\"pl-PL\",\"potentialAction\":[{\"@type\":\"ReadAction\",\"target\":[\"https:\/\/spinbetter.games\/poland\/bonus\/no-deposit\/\"]}]},{\"@type\":\"BreadcrumbList\",\"@id\":\"https:\/\/spinbetter.games\/poland\/bonus\/no-deposit\/#breadcrumb\",\"itemListElement\":[{\"@type\":\"ListItem\",\"position\":1,\"name\":\"\u0413\u043b\u0430\u0432\u043d\u0430\u044f \u0441\u0442\u0440\u0430\u043d\u0438\u0446\u0430\",\"item\":\"https:\/\/spinbetter.games\/poland\/\"},{\"@type\":\"ListItem\",\"position\":2,\"name\":\"Bonus\",\"item\":\"https:\/\/spinbetter.games\/poland\/bonus\/\"},{\"@type\":\"ListItem\",\"position\":3,\"name\":\"Bonus bez depozytu\"}]},{\"@type\":\"WebSite\",\"@id\":\"https:\/\/spinbetter.games\/poland\/#website\",\"url\":\"https:\/\/spinbetter.games\/poland\/\",\"name\":\"SpinBetter pl\",\"description\":\"My WordPress Blog\",\"potentialAction\":[{\"@type\":\"SearchAction\",\"target\":{\"@type\":\"EntryPoint\",\"urlTemplate\":\"https:\/\/spinbetter.games\/poland\/?s={search_term_string}\"},\"query-input\":{\"@type\":\"PropertyValueSpecification\",\"valueRequired\":true,\"valueName\":\"search_term_string\"}}],\"inLanguage\":\"pl-PL\"}]}<\/script>\n<!-- \/ Yoast SEO plugin. -->","yoast_head_json":{"title":"Bonus bez depozytu Spinbetter | Graj bez wp\u0142acania depozytu","description":"Zdob\u0105d\u017a bonus bez depozytu Spinbetter i zacznij wygrywa\u0107 bez ryzyka! Zapomnij o depozytach \u2013 sprawd\u017a swoje szcz\u0119\u015bcie ju\u017c teraz, nie wydaj\u0105c ani grosza!","robots":{"index":"index","follow":"follow","max-snippet":"max-snippet:-1","max-image-preview":"max-image-preview:large","max-video-preview":"max-video-preview:-1"},"canonical":"https:\/\/spinbetter.games\/poland\/bonus\/no-deposit\/","og_locale":"pl_PL","og_type":"article","og_title":"Bonus bez depozytu Spinbetter | Graj bez wp\u0142acania depozytu","og_description":"Zdob\u0105d\u017a bonus bez depozytu Spinbetter i zacznij wygrywa\u0107 bez ryzyka! Zapomnij o depozytach \u2013 sprawd\u017a swoje szcz\u0119\u015bcie ju\u017c teraz, nie wydaj\u0105c ani grosza!","og_url":"https:\/\/spinbetter.games\/poland\/bonus\/no-deposit\/","og_site_name":"SpinBetter pl","article_modified_time":"2026-04-01T09:06:25+00:00","twitter_card":"summary_large_image","schema":{"@context":"https:\/\/schema.org","@graph":[{"@type":"WebPage","@id":"https:\/\/spinbetter.games\/poland\/bonus\/no-deposit\/","url":"https:\/\/spinbetter.games\/poland\/bonus\/no-deposit\/","name":"Bonus bez depozytu Spinbetter | Graj bez wp\u0142acania depozytu","isPartOf":{"@id":"https:\/\/spinbetter.games\/poland\/#website"},"datePublished":"2025-04-20T05:57:06+00:00","dateModified":"2026-04-01T09:06:25+00:00","description":"Zdob\u0105d\u017a bonus bez depozytu Spinbetter i zacznij wygrywa\u0107 bez ryzyka! Zapomnij o depozytach \u2013 sprawd\u017a swoje szcz\u0119\u015bcie ju\u017c teraz, nie wydaj\u0105c ani grosza!","breadcrumb":{"@id":"https:\/\/spinbetter.games\/poland\/bonus\/no-deposit\/#breadcrumb"},"inLanguage":"pl-PL","potentialAction":[{"@type":"ReadAction","target":["https:\/\/spinbetter.games\/poland\/bonus\/no-deposit\/"]}]},{"@type":"BreadcrumbList","@id":"https:\/\/spinbetter.games\/poland\/bonus\/no-deposit\/#breadcrumb","itemListElement":[{"@type":"ListItem","position":1,"name":"\u0413\u043b\u0430\u0432\u043d\u0430\u044f \u0441\u0442\u0440\u0430\u043d\u0438\u0446\u0430","item":"https:\/\/spinbetter.games\/poland\/"},{"@type":"ListItem","position":2,"name":"Bonus","item":"https:\/\/spinbetter.games\/poland\/bonus\/"},{"@type":"ListItem","position":3,"name":"Bonus bez depozytu"}]},{"@type":"WebSite","@id":"https:\/\/spinbetter.games\/poland\/#website","url":"https:\/\/spinbetter.games\/poland\/","name":"SpinBetter pl","description":"My WordPress Blog","potentialAction":[{"@type":"SearchAction","target":{"@type":"EntryPoint","urlTemplate":"https:\/\/spinbetter.games\/poland\/?s={search_term_string}"},"query-input":{"@type":"PropertyValueSpecification","valueRequired":true,"valueName":"search_term_string"}}],"inLanguage":"pl-PL"}]}},"_links":{"self":[{"href":"https:\/\/spinbetter.games\/poland\/wp-json\/wp\/v2\/pages\/1373","targetHints":{"allow":["GET"]}}],"collection":[{"href":"https:\/\/spinbetter.games\/poland\/wp-json\/wp\/v2\/pages"}],"about":[{"href":"https:\/\/spinbetter.games\/poland\/wp-json\/wp\/v2\/types\/page"}],"author":[{"embeddable":true,"href":"https:\/\/spinbetter.games\/poland\/wp-json\/wp\/v2\/users\/1"}],"replies":[{"embeddable":true,"href":"https:\/\/spinbetter.games\/poland\/wp-json\/wp\/v2\/comments?post=1373"}],"version-history":[{"count":4,"href":"https:\/\/spinbetter.games\/poland\/wp-json\/wp\/v2\/pages\/1373\/revisions"}],"predecessor-version":[{"id":1950,"href":"https:\/\/spinbetter.games\/poland\/wp-json\/wp\/v2\/pages\/1373\/revisions\/1950"}],"up":[{"embeddable":true,"href":"https:\/\/spinbetter.games\/poland\/wp-json\/wp\/v2\/pages\/152"}],"wp:attachment":[{"href":"https:\/\/spinbetter.games\/poland\/wp-json\/wp\/v2\/media?parent=1373"}],"curies":[{"name":"wp","href":"https:\/\/api.w.org\/{rel}","templated":true}]}}