{"id":1719,"date":"2025-09-23T05:43:49","date_gmt":"2025-09-23T05:43:49","guid":{"rendered":"https:\/\/spinbetter.games\/?page_id=1719"},"modified":"2026-03-27T11:43:42","modified_gmt":"2026-03-27T11:43:42","slug":"nhl-x-nba","status":"publish","type":"page","link":"https:\/\/spinbetter.games\/poland\/bonus\/nhl-x-nba\/","title":{"rendered":"NHL x NBA"},"content":{"rendered":"","protected":false},"excerpt":{"rendered":"","protected":false},"author":1,"featured_media":0,"parent":152,"menu_order":0,"comment_status":"closed","ping_status":"closed","template":"","meta":{"footnotes":""},"class_list":["post-1719","page","type-page","status-publish","hentry"],"yoast_head":"<!-- This site is optimized with the Yoast SEO plugin v26.8 - https:\/\/yoast.com\/product\/yoast-seo-wordpress\/ -->\n<title>Spinbetter NHL x NBA Jackpot | Wygraj cz\u0119\u015b\u0107 z puli 80 000 PLN<\/title>\n<meta name=\"description\" content=\"Spinbetter rozdaje 80 000 PLN na zak\u0142ady na NHL i NBA. Obstawiaj zak\u0142ady na hokej i koszyk\u00f3wk\u0119 ju\u017c od 32 PLN i otrzymaj kupony, dzi\u0119ki kt\u00f3rym mo\u017cesz wygra\u0107 du\u017ce nagrody pieni\u0119\u017cne.\" \/>\n<meta name=\"robots\" content=\"index, follow, max-snippet:-1, max-image-preview:large, max-video-preview:-1\" \/>\n<link rel=\"canonical\" href=\"https:\/\/spinbetter.games\/pol\/bonus\/nhl-x-nba\/\" \/>\n<meta property=\"og:locale\" content=\"pl_PL\" \/>\n<meta property=\"og:type\" content=\"article\" \/>\n<meta property=\"og:title\" content=\"Spinbetter NHL x NBA Jackpot | Wygraj cz\u0119\u015b\u0107 z puli 80 000 PLN\" \/>\n<meta property=\"og:description\" content=\"Spinbetter rozdaje 80 000 PLN na zak\u0142ady na NHL i NBA. Obstawiaj zak\u0142ady na hokej i koszyk\u00f3wk\u0119 ju\u017c od 32 PLN i otrzymaj kupony, dzi\u0119ki kt\u00f3rym mo\u017cesz wygra\u0107 du\u017ce nagrody pieni\u0119\u017cne.\" \/>\n<meta property=\"og:url\" content=\"https:\/\/spinbetter.games\/pol\/bonus\/nhl-x-nba\/\" \/>\n<meta property=\"og:site_name\" content=\"SpinBetter pl\" \/>\n<meta property=\"article:modified_time\" content=\"2026-03-27T11:43:42+00:00\" \/>\n<meta name=\"twitter:card\" content=\"summary_large_image\" \/>\n<script type=\"application\/ld+json\" class=\"yoast-schema-graph\">{\"@context\":\"https:\/\/schema.org\",\"@graph\":[{\"@type\":\"WebPage\",\"@id\":\"https:\/\/spinbetter.games\/poland\/bonus\/nhl-x-nba\/\",\"url\":\"https:\/\/spinbetter.games\/pol\/bonus\/nhl-x-nba\/\",\"name\":\"Spinbetter NHL x NBA Jackpot | Wygraj cz\u0119\u015b\u0107 z puli 80 000 PLN\",\"isPartOf\":{\"@id\":\"https:\/\/spinbetter.games\/poland\/#website\"},\"datePublished\":\"2025-09-23T05:43:49+00:00\",\"dateModified\":\"2026-03-27T11:43:42+00:00\",\"description\":\"Spinbetter rozdaje 80 000 PLN na zak\u0142ady na NHL i NBA. Obstawiaj zak\u0142ady na hokej i koszyk\u00f3wk\u0119 ju\u017c od 32 PLN i otrzymaj kupony, dzi\u0119ki kt\u00f3rym mo\u017cesz wygra\u0107 du\u017ce nagrody pieni\u0119\u017cne.\",\"breadcrumb\":{\"@id\":\"https:\/\/spinbetter.games\/pol\/bonus\/nhl-x-nba\/#breadcrumb\"},\"inLanguage\":\"pl-PL\",\"potentialAction\":[{\"@type\":\"ReadAction\",\"target\":[\"https:\/\/spinbetter.games\/pol\/bonus\/nhl-x-nba\/\"]}]},{\"@type\":\"BreadcrumbList\",\"@id\":\"https:\/\/spinbetter.games\/pol\/bonus\/nhl-x-nba\/#breadcrumb\",\"itemListElement\":[{\"@type\":\"ListItem\",\"position\":1,\"name\":\"\u0413\u043b\u0430\u0432\u043d\u0430\u044f \u0441\u0442\u0440\u0430\u043d\u0438\u0446\u0430\",\"item\":\"https:\/\/spinbetter.games\/poland\/\"},{\"@type\":\"ListItem\",\"position\":2,\"name\":\"Bonus\",\"item\":\"https:\/\/spinbetter.games\/poland\/bonus\/\"},{\"@type\":\"ListItem\",\"position\":3,\"name\":\"NHL x NBA\"}]},{\"@type\":\"WebSite\",\"@id\":\"https:\/\/spinbetter.games\/poland\/#website\",\"url\":\"https:\/\/spinbetter.games\/poland\/\",\"name\":\"SpinBetter pl\",\"description\":\"My WordPress Blog\",\"potentialAction\":[{\"@type\":\"SearchAction\",\"target\":{\"@type\":\"EntryPoint\",\"urlTemplate\":\"https:\/\/spinbetter.games\/poland\/?s={search_term_string}\"},\"query-input\":{\"@type\":\"PropertyValueSpecification\",\"valueRequired\":true,\"valueName\":\"search_term_string\"}}],\"inLanguage\":\"pl-PL\"}]}<\/script>\n<!-- \/ Yoast SEO plugin. -->","yoast_head_json":{"title":"Spinbetter NHL x NBA Jackpot | Wygraj cz\u0119\u015b\u0107 z puli 80 000 PLN","description":"Spinbetter rozdaje 80 000 PLN na zak\u0142ady na NHL i NBA. Obstawiaj zak\u0142ady na hokej i koszyk\u00f3wk\u0119 ju\u017c od 32 PLN i otrzymaj kupony, dzi\u0119ki kt\u00f3rym mo\u017cesz wygra\u0107 du\u017ce nagrody pieni\u0119\u017cne.","robots":{"index":"index","follow":"follow","max-snippet":"max-snippet:-1","max-image-preview":"max-image-preview:large","max-video-preview":"max-video-preview:-1"},"canonical":"https:\/\/spinbetter.games\/pol\/bonus\/nhl-x-nba\/","og_locale":"pl_PL","og_type":"article","og_title":"Spinbetter NHL x NBA Jackpot | Wygraj cz\u0119\u015b\u0107 z puli 80 000 PLN","og_description":"Spinbetter rozdaje 80 000 PLN na zak\u0142ady na NHL i NBA. Obstawiaj zak\u0142ady na hokej i koszyk\u00f3wk\u0119 ju\u017c od 32 PLN i otrzymaj kupony, dzi\u0119ki kt\u00f3rym mo\u017cesz wygra\u0107 du\u017ce nagrody pieni\u0119\u017cne.","og_url":"https:\/\/spinbetter.games\/pol\/bonus\/nhl-x-nba\/","og_site_name":"SpinBetter pl","article_modified_time":"2026-03-27T11:43:42+00:00","twitter_card":"summary_large_image","schema":{"@context":"https:\/\/schema.org","@graph":[{"@type":"WebPage","@id":"https:\/\/spinbetter.games\/poland\/bonus\/nhl-x-nba\/","url":"https:\/\/spinbetter.games\/pol\/bonus\/nhl-x-nba\/","name":"Spinbetter NHL x NBA Jackpot | Wygraj cz\u0119\u015b\u0107 z puli 80 000 PLN","isPartOf":{"@id":"https:\/\/spinbetter.games\/poland\/#website"},"datePublished":"2025-09-23T05:43:49+00:00","dateModified":"2026-03-27T11:43:42+00:00","description":"Spinbetter rozdaje 80 000 PLN na zak\u0142ady na NHL i NBA. Obstawiaj zak\u0142ady na hokej i koszyk\u00f3wk\u0119 ju\u017c od 32 PLN i otrzymaj kupony, dzi\u0119ki kt\u00f3rym mo\u017cesz wygra\u0107 du\u017ce nagrody pieni\u0119\u017cne.","breadcrumb":{"@id":"https:\/\/spinbetter.games\/pol\/bonus\/nhl-x-nba\/#breadcrumb"},"inLanguage":"pl-PL","potentialAction":[{"@type":"ReadAction","target":["https:\/\/spinbetter.games\/pol\/bonus\/nhl-x-nba\/"]}]},{"@type":"BreadcrumbList","@id":"https:\/\/spinbetter.games\/pol\/bonus\/nhl-x-nba\/#breadcrumb","itemListElement":[{"@type":"ListItem","position":1,"name":"\u0413\u043b\u0430\u0432\u043d\u0430\u044f \u0441\u0442\u0440\u0430\u043d\u0438\u0446\u0430","item":"https:\/\/spinbetter.games\/poland\/"},{"@type":"ListItem","position":2,"name":"Bonus","item":"https:\/\/spinbetter.games\/poland\/bonus\/"},{"@type":"ListItem","position":3,"name":"NHL x NBA"}]},{"@type":"WebSite","@id":"https:\/\/spinbetter.games\/poland\/#website","url":"https:\/\/spinbetter.games\/poland\/","name":"SpinBetter pl","description":"My WordPress Blog","potentialAction":[{"@type":"SearchAction","target":{"@type":"EntryPoint","urlTemplate":"https:\/\/spinbetter.games\/poland\/?s={search_term_string}"},"query-input":{"@type":"PropertyValueSpecification","valueRequired":true,"valueName":"search_term_string"}}],"inLanguage":"pl-PL"}]}},"_links":{"self":[{"href":"https:\/\/spinbetter.games\/poland\/wp-json\/wp\/v2\/pages\/1719","targetHints":{"allow":["GET"]}}],"collection":[{"href":"https:\/\/spinbetter.games\/poland\/wp-json\/wp\/v2\/pages"}],"about":[{"href":"https:\/\/spinbetter.games\/poland\/wp-json\/wp\/v2\/types\/page"}],"author":[{"embeddable":true,"href":"https:\/\/spinbetter.games\/poland\/wp-json\/wp\/v2\/users\/1"}],"replies":[{"embeddable":true,"href":"https:\/\/spinbetter.games\/poland\/wp-json\/wp\/v2\/comments?post=1719"}],"version-history":[{"count":1,"href":"https:\/\/spinbetter.games\/poland\/wp-json\/wp\/v2\/pages\/1719\/revisions"}],"predecessor-version":[{"id":1966,"href":"https:\/\/spinbetter.games\/poland\/wp-json\/wp\/v2\/pages\/1719\/revisions\/1966"}],"up":[{"embeddable":true,"href":"https:\/\/spinbetter.games\/poland\/wp-json\/wp\/v2\/pages\/152"}],"wp:attachment":[{"href":"https:\/\/spinbetter.games\/poland\/wp-json\/wp\/v2\/media?parent=1719"}],"curies":[{"name":"wp","href":"https:\/\/api.w.org\/{rel}","templated":true}]}}