{"id":1836,"date":"2025-12-02T06:49:28","date_gmt":"2025-12-02T06:49:28","guid":{"rendered":"https:\/\/spinbetter.games\/?page_id=1836"},"modified":"2026-03-27T11:51:50","modified_gmt":"2026-03-27T11:51:50","slug":"ice-hockey","status":"publish","type":"page","link":"https:\/\/spinbetter.games\/poland\/ice-hockey\/","title":{"rendered":"Hokej na lodzie"},"content":{"rendered":"","protected":false},"excerpt":{"rendered":"","protected":false},"author":1,"featured_media":0,"parent":0,"menu_order":0,"comment_status":"closed","ping_status":"closed","template":"","meta":{"footnotes":""},"class_list":["post-1836","page","type-page","status-publish","hentry"],"yoast_head":"<!-- This site is optimized with the Yoast SEO plugin v26.8 - https:\/\/yoast.com\/product\/yoast-seo-wordpress\/ -->\n<title>Zak\u0142ady na hokej w Spinbetter \u2705 Wysokie kursy na NHL i KHL<\/title>\n<meta name=\"description\" content=\"Obstawiaj zak\u0142ady na hokej na oficjalnej stronie Spinbetter! \u2b50 Szeroki wyb\u00f3r rynk\u00f3w NHL, KHL i mistrzostw \u015bwiata. Wysokie kursy, ponad 500 wynik\u00f3w i 100% bonus od pierwszej wp\u0142aty. Cotygodniowy cashback i szybkie wyp\u0142aty.\" \/>\n<meta name=\"robots\" content=\"index, follow, max-snippet:-1, max-image-preview:large, max-video-preview:-1\" \/>\n<link rel=\"canonical\" href=\"https:\/\/spinbetter.games\/poland\/ice-hockey\/\" \/>\n<meta property=\"og:locale\" content=\"pl_PL\" \/>\n<meta property=\"og:type\" content=\"article\" \/>\n<meta property=\"og:title\" content=\"Zak\u0142ady na hokej w Spinbetter \u2705 Wysokie kursy na NHL i KHL\" \/>\n<meta property=\"og:description\" content=\"Obstawiaj zak\u0142ady na hokej na oficjalnej stronie Spinbetter! \u2b50 Szeroki wyb\u00f3r rynk\u00f3w NHL, KHL i mistrzostw \u015bwiata. Wysokie kursy, ponad 500 wynik\u00f3w i 100% bonus od pierwszej wp\u0142aty. Cotygodniowy cashback i szybkie wyp\u0142aty.\" \/>\n<meta property=\"og:url\" content=\"https:\/\/spinbetter.games\/poland\/ice-hockey\/\" \/>\n<meta property=\"og:site_name\" content=\"SpinBetter pl\" \/>\n<meta property=\"article:modified_time\" content=\"2026-03-27T11:51:50+00:00\" \/>\n<meta name=\"twitter:card\" content=\"summary_large_image\" \/>\n<script type=\"application\/ld+json\" class=\"yoast-schema-graph\">{\"@context\":\"https:\/\/schema.org\",\"@graph\":[{\"@type\":\"WebPage\",\"@id\":\"https:\/\/spinbetter.games\/poland\/ice-hockey\/\",\"url\":\"https:\/\/spinbetter.games\/poland\/ice-hockey\/\",\"name\":\"Zak\u0142ady na hokej w Spinbetter \u2705 Wysokie kursy na NHL i KHL\",\"isPartOf\":{\"@id\":\"https:\/\/spinbetter.games\/poland\/#website\"},\"datePublished\":\"2025-12-02T06:49:28+00:00\",\"dateModified\":\"2026-03-27T11:51:50+00:00\",\"description\":\"Obstawiaj zak\u0142ady na hokej na oficjalnej stronie Spinbetter! \u2b50 Szeroki wyb\u00f3r rynk\u00f3w NHL, KHL i mistrzostw \u015bwiata. Wysokie kursy, ponad 500 wynik\u00f3w i 100% bonus od pierwszej wp\u0142aty. Cotygodniowy cashback i szybkie wyp\u0142aty.\",\"breadcrumb\":{\"@id\":\"https:\/\/spinbetter.games\/poland\/ice-hockey\/#breadcrumb\"},\"inLanguage\":\"pl-PL\",\"potentialAction\":[{\"@type\":\"ReadAction\",\"target\":[\"https:\/\/spinbetter.games\/poland\/ice-hockey\/\"]}]},{\"@type\":\"BreadcrumbList\",\"@id\":\"https:\/\/spinbetter.games\/poland\/ice-hockey\/#breadcrumb\",\"itemListElement\":[{\"@type\":\"ListItem\",\"position\":1,\"name\":\"\u0413\u043b\u0430\u0432\u043d\u0430\u044f \u0441\u0442\u0440\u0430\u043d\u0438\u0446\u0430\",\"item\":\"https:\/\/spinbetter.games\/poland\/\"},{\"@type\":\"ListItem\",\"position\":2,\"name\":\"Hokej na lodzie\"}]},{\"@type\":\"WebSite\",\"@id\":\"https:\/\/spinbetter.games\/poland\/#website\",\"url\":\"https:\/\/spinbetter.games\/poland\/\",\"name\":\"SpinBetter pl\",\"description\":\"My WordPress Blog\",\"potentialAction\":[{\"@type\":\"SearchAction\",\"target\":{\"@type\":\"EntryPoint\",\"urlTemplate\":\"https:\/\/spinbetter.games\/poland\/?s={search_term_string}\"},\"query-input\":{\"@type\":\"PropertyValueSpecification\",\"valueRequired\":true,\"valueName\":\"search_term_string\"}}],\"inLanguage\":\"pl-PL\"}]}<\/script>\n<!-- \/ Yoast SEO plugin. -->","yoast_head_json":{"title":"Zak\u0142ady na hokej w Spinbetter \u2705 Wysokie kursy na NHL i KHL","description":"Obstawiaj zak\u0142ady na hokej na oficjalnej stronie Spinbetter! \u2b50 Szeroki wyb\u00f3r rynk\u00f3w NHL, KHL i mistrzostw \u015bwiata. Wysokie kursy, ponad 500 wynik\u00f3w i 100% bonus od pierwszej wp\u0142aty. Cotygodniowy cashback i szybkie wyp\u0142aty.","robots":{"index":"index","follow":"follow","max-snippet":"max-snippet:-1","max-image-preview":"max-image-preview:large","max-video-preview":"max-video-preview:-1"},"canonical":"https:\/\/spinbetter.games\/poland\/ice-hockey\/","og_locale":"pl_PL","og_type":"article","og_title":"Zak\u0142ady na hokej w Spinbetter \u2705 Wysokie kursy na NHL i KHL","og_description":"Obstawiaj zak\u0142ady na hokej na oficjalnej stronie Spinbetter! \u2b50 Szeroki wyb\u00f3r rynk\u00f3w NHL, KHL i mistrzostw \u015bwiata. Wysokie kursy, ponad 500 wynik\u00f3w i 100% bonus od pierwszej wp\u0142aty. Cotygodniowy cashback i szybkie wyp\u0142aty.","og_url":"https:\/\/spinbetter.games\/poland\/ice-hockey\/","og_site_name":"SpinBetter pl","article_modified_time":"2026-03-27T11:51:50+00:00","twitter_card":"summary_large_image","schema":{"@context":"https:\/\/schema.org","@graph":[{"@type":"WebPage","@id":"https:\/\/spinbetter.games\/poland\/ice-hockey\/","url":"https:\/\/spinbetter.games\/poland\/ice-hockey\/","name":"Zak\u0142ady na hokej w Spinbetter \u2705 Wysokie kursy na NHL i KHL","isPartOf":{"@id":"https:\/\/spinbetter.games\/poland\/#website"},"datePublished":"2025-12-02T06:49:28+00:00","dateModified":"2026-03-27T11:51:50+00:00","description":"Obstawiaj zak\u0142ady na hokej na oficjalnej stronie Spinbetter! \u2b50 Szeroki wyb\u00f3r rynk\u00f3w NHL, KHL i mistrzostw \u015bwiata. Wysokie kursy, ponad 500 wynik\u00f3w i 100% bonus od pierwszej wp\u0142aty. Cotygodniowy cashback i szybkie wyp\u0142aty.","breadcrumb":{"@id":"https:\/\/spinbetter.games\/poland\/ice-hockey\/#breadcrumb"},"inLanguage":"pl-PL","potentialAction":[{"@type":"ReadAction","target":["https:\/\/spinbetter.games\/poland\/ice-hockey\/"]}]},{"@type":"BreadcrumbList","@id":"https:\/\/spinbetter.games\/poland\/ice-hockey\/#breadcrumb","itemListElement":[{"@type":"ListItem","position":1,"name":"\u0413\u043b\u0430\u0432\u043d\u0430\u044f \u0441\u0442\u0440\u0430\u043d\u0438\u0446\u0430","item":"https:\/\/spinbetter.games\/poland\/"},{"@type":"ListItem","position":2,"name":"Hokej na lodzie"}]},{"@type":"WebSite","@id":"https:\/\/spinbetter.games\/poland\/#website","url":"https:\/\/spinbetter.games\/poland\/","name":"SpinBetter pl","description":"My WordPress Blog","potentialAction":[{"@type":"SearchAction","target":{"@type":"EntryPoint","urlTemplate":"https:\/\/spinbetter.games\/poland\/?s={search_term_string}"},"query-input":{"@type":"PropertyValueSpecification","valueRequired":true,"valueName":"search_term_string"}}],"inLanguage":"pl-PL"}]}},"_links":{"self":[{"href":"https:\/\/spinbetter.games\/poland\/wp-json\/wp\/v2\/pages\/1836","targetHints":{"allow":["GET"]}}],"collection":[{"href":"https:\/\/spinbetter.games\/poland\/wp-json\/wp\/v2\/pages"}],"about":[{"href":"https:\/\/spinbetter.games\/poland\/wp-json\/wp\/v2\/types\/page"}],"author":[{"embeddable":true,"href":"https:\/\/spinbetter.games\/poland\/wp-json\/wp\/v2\/users\/1"}],"replies":[{"embeddable":true,"href":"https:\/\/spinbetter.games\/poland\/wp-json\/wp\/v2\/comments?post=1836"}],"version-history":[{"count":1,"href":"https:\/\/spinbetter.games\/poland\/wp-json\/wp\/v2\/pages\/1836\/revisions"}],"predecessor-version":[{"id":1944,"href":"https:\/\/spinbetter.games\/poland\/wp-json\/wp\/v2\/pages\/1836\/revisions\/1944"}],"wp:attachment":[{"href":"https:\/\/spinbetter.games\/poland\/wp-json\/wp\/v2\/media?parent=1836"}],"curies":[{"name":"wp","href":"https:\/\/api.w.org\/{rel}","templated":true}]}}