{"id":459,"date":"2024-10-11T12:53:54","date_gmt":"2024-10-11T12:53:54","guid":{"rendered":"https:\/\/spinbetter.games\/poland\/?page_id=459"},"modified":"2026-03-27T11:59:22","modified_gmt":"2026-03-27T11:59:22","slug":"sports","status":"publish","type":"page","link":"https:\/\/spinbetter.games\/poland\/sports\/","title":{"rendered":"Sport"},"content":{"rendered":"","protected":false},"excerpt":{"rendered":"","protected":false},"author":1,"featured_media":0,"parent":0,"menu_order":0,"comment_status":"closed","ping_status":"closed","template":"","meta":{"footnotes":""},"class_list":["post-459","page","type-page","status-publish","hentry"],"yoast_head":"<!-- This site is optimized with the Yoast SEO plugin v26.8 - https:\/\/yoast.com\/product\/yoast-seo-wordpress\/ -->\n<title>SpinBetter Polska: Zak\u0142ady sportowe online<\/title>\n<meta name=\"description\" content=\"SpinBetter to platforma online, kt\u00f3ra oferuje wysokie kursy na zak\u0142ady sportowe, zak\u0142ady na \u017cywo i szerok\u0105 gam\u0119 wydarze\u0144 sportowych. Rozpocznij swoj\u0105 przygod\u0119 z zak\u0142adami sportowymi ze SpinBetter!\" \/>\n<meta name=\"robots\" content=\"index, follow, max-snippet:-1, max-image-preview:large, max-video-preview:-1\" \/>\n<link rel=\"canonical\" href=\"https:\/\/spinbetter.games\/pol\/sports\/\" \/>\n<meta property=\"og:locale\" content=\"pl_PL\" \/>\n<meta property=\"og:type\" content=\"article\" \/>\n<meta property=\"og:title\" content=\"SpinBetter Polska: Zak\u0142ady sportowe online\" \/>\n<meta property=\"og:description\" content=\"SpinBetter to platforma online, kt\u00f3ra oferuje wysokie kursy na zak\u0142ady sportowe, zak\u0142ady na \u017cywo i szerok\u0105 gam\u0119 wydarze\u0144 sportowych. Rozpocznij swoj\u0105 przygod\u0119 z zak\u0142adami sportowymi ze SpinBetter!\" \/>\n<meta property=\"og:url\" content=\"https:\/\/spinbetter.games\/pol\/sports\/\" \/>\n<meta property=\"og:site_name\" content=\"SpinBetter pl\" \/>\n<meta property=\"article:modified_time\" content=\"2026-03-27T11:59:22+00:00\" \/>\n<meta name=\"twitter:card\" content=\"summary_large_image\" \/>\n<script type=\"application\/ld+json\" class=\"yoast-schema-graph\">{\"@context\":\"https:\/\/schema.org\",\"@graph\":[{\"@type\":\"WebPage\",\"@id\":\"https:\/\/spinbetter.games\/poland\/sports\/\",\"url\":\"https:\/\/spinbetter.games\/pol\/sports\/\",\"name\":\"SpinBetter Polska: Zak\u0142ady sportowe online\",\"isPartOf\":{\"@id\":\"https:\/\/spinbetter.games\/poland\/#website\"},\"datePublished\":\"2024-10-11T12:53:54+00:00\",\"dateModified\":\"2026-03-27T11:59:22+00:00\",\"description\":\"SpinBetter to platforma online, kt\u00f3ra oferuje wysokie kursy na zak\u0142ady sportowe, zak\u0142ady na \u017cywo i szerok\u0105 gam\u0119 wydarze\u0144 sportowych. Rozpocznij swoj\u0105 przygod\u0119 z zak\u0142adami sportowymi ze SpinBetter!\",\"breadcrumb\":{\"@id\":\"https:\/\/spinbetter.games\/pol\/sports\/#breadcrumb\"},\"inLanguage\":\"pl-PL\",\"potentialAction\":[{\"@type\":\"ReadAction\",\"target\":[\"https:\/\/spinbetter.games\/pol\/sports\/\"]}]},{\"@type\":\"BreadcrumbList\",\"@id\":\"https:\/\/spinbetter.games\/pol\/sports\/#breadcrumb\",\"itemListElement\":[{\"@type\":\"ListItem\",\"position\":1,\"name\":\"\u0413\u043b\u0430\u0432\u043d\u0430\u044f \u0441\u0442\u0440\u0430\u043d\u0438\u0446\u0430\",\"item\":\"https:\/\/spinbetter.games\/poland\/\"},{\"@type\":\"ListItem\",\"position\":2,\"name\":\"Sport\"}]},{\"@type\":\"WebSite\",\"@id\":\"https:\/\/spinbetter.games\/poland\/#website\",\"url\":\"https:\/\/spinbetter.games\/poland\/\",\"name\":\"SpinBetter pl\",\"description\":\"My WordPress Blog\",\"potentialAction\":[{\"@type\":\"SearchAction\",\"target\":{\"@type\":\"EntryPoint\",\"urlTemplate\":\"https:\/\/spinbetter.games\/poland\/?s={search_term_string}\"},\"query-input\":{\"@type\":\"PropertyValueSpecification\",\"valueRequired\":true,\"valueName\":\"search_term_string\"}}],\"inLanguage\":\"pl-PL\"}]}<\/script>\n<!-- \/ Yoast SEO plugin. -->","yoast_head_json":{"title":"SpinBetter Polska: Zak\u0142ady sportowe online","description":"SpinBetter to platforma online, kt\u00f3ra oferuje wysokie kursy na zak\u0142ady sportowe, zak\u0142ady na \u017cywo i szerok\u0105 gam\u0119 wydarze\u0144 sportowych. Rozpocznij swoj\u0105 przygod\u0119 z zak\u0142adami sportowymi ze SpinBetter!","robots":{"index":"index","follow":"follow","max-snippet":"max-snippet:-1","max-image-preview":"max-image-preview:large","max-video-preview":"max-video-preview:-1"},"canonical":"https:\/\/spinbetter.games\/pol\/sports\/","og_locale":"pl_PL","og_type":"article","og_title":"SpinBetter Polska: Zak\u0142ady sportowe online","og_description":"SpinBetter to platforma online, kt\u00f3ra oferuje wysokie kursy na zak\u0142ady sportowe, zak\u0142ady na \u017cywo i szerok\u0105 gam\u0119 wydarze\u0144 sportowych. Rozpocznij swoj\u0105 przygod\u0119 z zak\u0142adami sportowymi ze SpinBetter!","og_url":"https:\/\/spinbetter.games\/pol\/sports\/","og_site_name":"SpinBetter pl","article_modified_time":"2026-03-27T11:59:22+00:00","twitter_card":"summary_large_image","schema":{"@context":"https:\/\/schema.org","@graph":[{"@type":"WebPage","@id":"https:\/\/spinbetter.games\/poland\/sports\/","url":"https:\/\/spinbetter.games\/pol\/sports\/","name":"SpinBetter Polska: Zak\u0142ady sportowe online","isPartOf":{"@id":"https:\/\/spinbetter.games\/poland\/#website"},"datePublished":"2024-10-11T12:53:54+00:00","dateModified":"2026-03-27T11:59:22+00:00","description":"SpinBetter to platforma online, kt\u00f3ra oferuje wysokie kursy na zak\u0142ady sportowe, zak\u0142ady na \u017cywo i szerok\u0105 gam\u0119 wydarze\u0144 sportowych. Rozpocznij swoj\u0105 przygod\u0119 z zak\u0142adami sportowymi ze SpinBetter!","breadcrumb":{"@id":"https:\/\/spinbetter.games\/pol\/sports\/#breadcrumb"},"inLanguage":"pl-PL","potentialAction":[{"@type":"ReadAction","target":["https:\/\/spinbetter.games\/pol\/sports\/"]}]},{"@type":"BreadcrumbList","@id":"https:\/\/spinbetter.games\/pol\/sports\/#breadcrumb","itemListElement":[{"@type":"ListItem","position":1,"name":"\u0413\u043b\u0430\u0432\u043d\u0430\u044f \u0441\u0442\u0440\u0430\u043d\u0438\u0446\u0430","item":"https:\/\/spinbetter.games\/poland\/"},{"@type":"ListItem","position":2,"name":"Sport"}]},{"@type":"WebSite","@id":"https:\/\/spinbetter.games\/poland\/#website","url":"https:\/\/spinbetter.games\/poland\/","name":"SpinBetter pl","description":"My WordPress Blog","potentialAction":[{"@type":"SearchAction","target":{"@type":"EntryPoint","urlTemplate":"https:\/\/spinbetter.games\/poland\/?s={search_term_string}"},"query-input":{"@type":"PropertyValueSpecification","valueRequired":true,"valueName":"search_term_string"}}],"inLanguage":"pl-PL"}]}},"_links":{"self":[{"href":"https:\/\/spinbetter.games\/poland\/wp-json\/wp\/v2\/pages\/459","targetHints":{"allow":["GET"]}}],"collection":[{"href":"https:\/\/spinbetter.games\/poland\/wp-json\/wp\/v2\/pages"}],"about":[{"href":"https:\/\/spinbetter.games\/poland\/wp-json\/wp\/v2\/types\/page"}],"author":[{"embeddable":true,"href":"https:\/\/spinbetter.games\/poland\/wp-json\/wp\/v2\/users\/1"}],"replies":[{"embeddable":true,"href":"https:\/\/spinbetter.games\/poland\/wp-json\/wp\/v2\/comments?post=459"}],"version-history":[{"count":3,"href":"https:\/\/spinbetter.games\/poland\/wp-json\/wp\/v2\/pages\/459\/revisions"}],"predecessor-version":[{"id":850,"href":"https:\/\/spinbetter.games\/poland\/wp-json\/wp\/v2\/pages\/459\/revisions\/850"}],"wp:attachment":[{"href":"https:\/\/spinbetter.games\/poland\/wp-json\/wp\/v2\/media?parent=459"}],"curies":[{"name":"wp","href":"https:\/\/api.w.org\/{rel}","templated":true}]}}