{"id":1853,"date":"2025-12-08T06:30:26","date_gmt":"2025-12-08T06:30:26","guid":{"rendered":"https:\/\/spinbetter.games\/?page_id=1853"},"modified":"2026-03-12T06:58:07","modified_gmt":"2026-03-12T06:58:07","slug":"tennis-betting","status":"publish","type":"page","link":"https:\/\/spinbetter.games\/portugal\/tennis-betting\/","title":{"rendered":"T\u00e9nis"},"content":{"rendered":"","protected":false},"excerpt":{"rendered":"","protected":false},"author":1,"featured_media":0,"parent":0,"menu_order":0,"comment_status":"closed","ping_status":"closed","template":"","meta":{"footnotes":""},"class_list":["post-1853","page","type-page","status-publish","hentry"],"yoast_head":"<!-- This site is optimized with the Yoast SEO plugin v26.8 - https:\/\/yoast.com\/product\/yoast-seo-wordpress\/ -->\n<title>T\u00e9nis Spinbetter \u2014 Odds ATP\/WTA elevadas e uma variedade<\/title>\n<meta name=\"description\" content=\"Aposte no t\u00e9nis na Spinbetter em torneios ATP, WTA, ITF e Grand Slam com odds elevadas e uma ampla variedade de jogos e sets. Est\u00e3o dispon\u00edveis apostas pr\u00e9-jogo e ao vivo, juntamente com um b\u00f3nus de boas-vindas de at\u00e9 100% e pagamentos r\u00e1pidos.\" \/>\n<meta name=\"robots\" content=\"index, follow, max-snippet:-1, max-image-preview:large, max-video-preview:-1\" \/>\n<link rel=\"canonical\" href=\"https:\/\/spinbetter.games\/portugal\/tennis-betting\/\" \/>\n<meta property=\"og:locale\" content=\"pt_PT\" \/>\n<meta property=\"og:type\" content=\"article\" \/>\n<meta property=\"og:title\" content=\"T\u00e9nis Spinbetter \u2014 Odds ATP\/WTA elevadas e uma variedade\" \/>\n<meta property=\"og:description\" content=\"Aposte no t\u00e9nis na Spinbetter em torneios ATP, WTA, ITF e Grand Slam com odds elevadas e uma ampla variedade de jogos e sets. Est\u00e3o dispon\u00edveis apostas pr\u00e9-jogo e ao vivo, juntamente com um b\u00f3nus de boas-vindas de at\u00e9 100% e pagamentos r\u00e1pidos.\" \/>\n<meta property=\"og:url\" content=\"https:\/\/spinbetter.games\/portugal\/tennis-betting\/\" \/>\n<meta property=\"og:site_name\" content=\"SpinBetter pt\" \/>\n<meta property=\"article:modified_time\" content=\"2026-03-12T06:58:07+00:00\" \/>\n<meta name=\"twitter:card\" content=\"summary_large_image\" \/>\n<script type=\"application\/ld+json\" class=\"yoast-schema-graph\">{\"@context\":\"https:\/\/schema.org\",\"@graph\":[{\"@type\":\"WebPage\",\"@id\":\"https:\/\/spinbetter.games\/portugal\/tennis-betting\/\",\"url\":\"https:\/\/spinbetter.games\/portugal\/tennis-betting\/\",\"name\":\"T\u00e9nis Spinbetter \u2014 Odds ATP\/WTA elevadas e uma variedade\",\"isPartOf\":{\"@id\":\"https:\/\/spinbetter.games\/portugal\/#website\"},\"datePublished\":\"2025-12-08T06:30:26+00:00\",\"dateModified\":\"2026-03-12T06:58:07+00:00\",\"description\":\"Aposte no t\u00e9nis na Spinbetter em torneios ATP, WTA, ITF e Grand Slam com odds elevadas e uma ampla variedade de jogos e sets. Est\u00e3o dispon\u00edveis apostas pr\u00e9-jogo e ao vivo, juntamente com um b\u00f3nus de boas-vindas de at\u00e9 100% e pagamentos r\u00e1pidos.\",\"breadcrumb\":{\"@id\":\"https:\/\/spinbetter.games\/portugal\/tennis-betting\/#breadcrumb\"},\"inLanguage\":\"pt-PT\",\"potentialAction\":[{\"@type\":\"ReadAction\",\"target\":[\"https:\/\/spinbetter.games\/portugal\/tennis-betting\/\"]}]},{\"@type\":\"BreadcrumbList\",\"@id\":\"https:\/\/spinbetter.games\/portugal\/tennis-betting\/#breadcrumb\",\"itemListElement\":[{\"@type\":\"ListItem\",\"position\":1,\"name\":\"\u0413\u043b\u0430\u0432\u043d\u0430\u044f \u0441\u0442\u0440\u0430\u043d\u0438\u0446\u0430\",\"item\":\"https:\/\/spinbetter.games\/portugal\/\"},{\"@type\":\"ListItem\",\"position\":2,\"name\":\"T\u00e9nis\"}]},{\"@type\":\"WebSite\",\"@id\":\"https:\/\/spinbetter.games\/portugal\/#website\",\"url\":\"https:\/\/spinbetter.games\/portugal\/\",\"name\":\"SpinBetter pt\",\"description\":\"My WordPress Blog\",\"potentialAction\":[{\"@type\":\"SearchAction\",\"target\":{\"@type\":\"EntryPoint\",\"urlTemplate\":\"https:\/\/spinbetter.games\/portugal\/?s={search_term_string}\"},\"query-input\":{\"@type\":\"PropertyValueSpecification\",\"valueRequired\":true,\"valueName\":\"search_term_string\"}}],\"inLanguage\":\"pt-PT\"}]}<\/script>\n<!-- \/ Yoast SEO plugin. -->","yoast_head_json":{"title":"T\u00e9nis Spinbetter \u2014 Odds ATP\/WTA elevadas e uma variedade","description":"Aposte no t\u00e9nis na Spinbetter em torneios ATP, WTA, ITF e Grand Slam com odds elevadas e uma ampla variedade de jogos e sets. Est\u00e3o dispon\u00edveis apostas pr\u00e9-jogo e ao vivo, juntamente com um b\u00f3nus de boas-vindas de at\u00e9 100% e pagamentos r\u00e1pidos.","robots":{"index":"index","follow":"follow","max-snippet":"max-snippet:-1","max-image-preview":"max-image-preview:large","max-video-preview":"max-video-preview:-1"},"canonical":"https:\/\/spinbetter.games\/portugal\/tennis-betting\/","og_locale":"pt_PT","og_type":"article","og_title":"T\u00e9nis Spinbetter \u2014 Odds ATP\/WTA elevadas e uma variedade","og_description":"Aposte no t\u00e9nis na Spinbetter em torneios ATP, WTA, ITF e Grand Slam com odds elevadas e uma ampla variedade de jogos e sets. Est\u00e3o dispon\u00edveis apostas pr\u00e9-jogo e ao vivo, juntamente com um b\u00f3nus de boas-vindas de at\u00e9 100% e pagamentos r\u00e1pidos.","og_url":"https:\/\/spinbetter.games\/portugal\/tennis-betting\/","og_site_name":"SpinBetter pt","article_modified_time":"2026-03-12T06:58:07+00:00","twitter_card":"summary_large_image","schema":{"@context":"https:\/\/schema.org","@graph":[{"@type":"WebPage","@id":"https:\/\/spinbetter.games\/portugal\/tennis-betting\/","url":"https:\/\/spinbetter.games\/portugal\/tennis-betting\/","name":"T\u00e9nis Spinbetter \u2014 Odds ATP\/WTA elevadas e uma variedade","isPartOf":{"@id":"https:\/\/spinbetter.games\/portugal\/#website"},"datePublished":"2025-12-08T06:30:26+00:00","dateModified":"2026-03-12T06:58:07+00:00","description":"Aposte no t\u00e9nis na Spinbetter em torneios ATP, WTA, ITF e Grand Slam com odds elevadas e uma ampla variedade de jogos e sets. Est\u00e3o dispon\u00edveis apostas pr\u00e9-jogo e ao vivo, juntamente com um b\u00f3nus de boas-vindas de at\u00e9 100% e pagamentos r\u00e1pidos.","breadcrumb":{"@id":"https:\/\/spinbetter.games\/portugal\/tennis-betting\/#breadcrumb"},"inLanguage":"pt-PT","potentialAction":[{"@type":"ReadAction","target":["https:\/\/spinbetter.games\/portugal\/tennis-betting\/"]}]},{"@type":"BreadcrumbList","@id":"https:\/\/spinbetter.games\/portugal\/tennis-betting\/#breadcrumb","itemListElement":[{"@type":"ListItem","position":1,"name":"\u0413\u043b\u0430\u0432\u043d\u0430\u044f \u0441\u0442\u0440\u0430\u043d\u0438\u0446\u0430","item":"https:\/\/spinbetter.games\/portugal\/"},{"@type":"ListItem","position":2,"name":"T\u00e9nis"}]},{"@type":"WebSite","@id":"https:\/\/spinbetter.games\/portugal\/#website","url":"https:\/\/spinbetter.games\/portugal\/","name":"SpinBetter pt","description":"My WordPress Blog","potentialAction":[{"@type":"SearchAction","target":{"@type":"EntryPoint","urlTemplate":"https:\/\/spinbetter.games\/portugal\/?s={search_term_string}"},"query-input":{"@type":"PropertyValueSpecification","valueRequired":true,"valueName":"search_term_string"}}],"inLanguage":"pt-PT"}]}},"_links":{"self":[{"href":"https:\/\/spinbetter.games\/portugal\/wp-json\/wp\/v2\/pages\/1853","targetHints":{"allow":["GET"]}}],"collection":[{"href":"https:\/\/spinbetter.games\/portugal\/wp-json\/wp\/v2\/pages"}],"about":[{"href":"https:\/\/spinbetter.games\/portugal\/wp-json\/wp\/v2\/types\/page"}],"author":[{"embeddable":true,"href":"https:\/\/spinbetter.games\/portugal\/wp-json\/wp\/v2\/users\/1"}],"replies":[{"embeddable":true,"href":"https:\/\/spinbetter.games\/portugal\/wp-json\/wp\/v2\/comments?post=1853"}],"version-history":[{"count":3,"href":"https:\/\/spinbetter.games\/portugal\/wp-json\/wp\/v2\/pages\/1853\/revisions"}],"predecessor-version":[{"id":2370,"href":"https:\/\/spinbetter.games\/portugal\/wp-json\/wp\/v2\/pages\/1853\/revisions\/2370"}],"wp:attachment":[{"href":"https:\/\/spinbetter.games\/portugal\/wp-json\/wp\/v2\/media?parent=1853"}],"curies":[{"name":"wp","href":"https:\/\/api.w.org\/{rel}","templated":true}]}}