{"id":1996,"date":"2026-01-12T10:21:28","date_gmt":"2026-01-12T10:21:28","guid":{"rendered":"https:\/\/spinbetter.games\/?page_id=1996"},"modified":"2026-03-12T07:25:21","modified_gmt":"2026-03-12T07:25:21","slug":"plinko","status":"publish","type":"page","link":"https:\/\/spinbetter.games\/portugal\/plinko\/","title":{"rendered":"Plinko"},"content":{"rendered":"","protected":false},"excerpt":{"rendered":"","protected":false},"author":1,"featured_media":0,"parent":0,"menu_order":0,"comment_status":"closed","ping_status":"closed","template":"","meta":{"footnotes":""},"class_list":["post-1996","page","type-page","status-publish","hentry"],"yoast_head":"<!-- This site is optimized with the Yoast SEO plugin v26.8 - https:\/\/yoast.com\/product\/yoast-seo-wordpress\/ -->\n<title>Plinko SpinBetter\u2122 \u2013 Jogo com multiplicadores aleat\u00f3rios<\/title>\n<meta name=\"description\" content=\"Jogue Plinko no Spin Better \u2014 um jogo arcade instant\u00e2neo com multiplicadores aleat\u00f3rios, rodadas r\u00e1pidas e jogabilidade simples, onde cada queda pode mudar o resultado.\" \/>\n<meta name=\"robots\" content=\"index, follow, max-snippet:-1, max-image-preview:large, max-video-preview:-1\" \/>\n<link rel=\"canonical\" href=\"https:\/\/spinbetter.games\/portugal\/plinko\/\" \/>\n<meta property=\"og:locale\" content=\"pt_PT\" \/>\n<meta property=\"og:type\" content=\"article\" \/>\n<meta property=\"og:title\" content=\"Plinko SpinBetter\u2122 \u2013 Jogo com multiplicadores aleat\u00f3rios\" \/>\n<meta property=\"og:description\" content=\"Jogue Plinko no Spin Better \u2014 um jogo arcade instant\u00e2neo com multiplicadores aleat\u00f3rios, rodadas r\u00e1pidas e jogabilidade simples, onde cada queda pode mudar o resultado.\" \/>\n<meta property=\"og:url\" content=\"https:\/\/spinbetter.games\/portugal\/plinko\/\" \/>\n<meta property=\"og:site_name\" content=\"SpinBetter pt\" \/>\n<meta property=\"article:modified_time\" content=\"2026-03-12T07:25:21+00:00\" \/>\n<meta name=\"twitter:card\" content=\"summary_large_image\" \/>\n<script type=\"application\/ld+json\" class=\"yoast-schema-graph\">{\"@context\":\"https:\/\/schema.org\",\"@graph\":[{\"@type\":\"WebPage\",\"@id\":\"https:\/\/spinbetter.games\/portugal\/plinko\/\",\"url\":\"https:\/\/spinbetter.games\/portugal\/plinko\/\",\"name\":\"Plinko SpinBetter\u2122 \u2013 Jogo com multiplicadores aleat\u00f3rios\",\"isPartOf\":{\"@id\":\"https:\/\/spinbetter.games\/portugal\/#website\"},\"datePublished\":\"2026-01-12T10:21:28+00:00\",\"dateModified\":\"2026-03-12T07:25:21+00:00\",\"description\":\"Jogue Plinko no Spin Better \u2014 um jogo arcade instant\u00e2neo com multiplicadores aleat\u00f3rios, rodadas r\u00e1pidas e jogabilidade simples, onde cada queda pode mudar o resultado.\",\"breadcrumb\":{\"@id\":\"https:\/\/spinbetter.games\/portugal\/plinko\/#breadcrumb\"},\"inLanguage\":\"pt-PT\",\"potentialAction\":[{\"@type\":\"ReadAction\",\"target\":[\"https:\/\/spinbetter.games\/portugal\/plinko\/\"]}]},{\"@type\":\"BreadcrumbList\",\"@id\":\"https:\/\/spinbetter.games\/portugal\/plinko\/#breadcrumb\",\"itemListElement\":[{\"@type\":\"ListItem\",\"position\":1,\"name\":\"\u0413\u043b\u0430\u0432\u043d\u0430\u044f \u0441\u0442\u0440\u0430\u043d\u0438\u0446\u0430\",\"item\":\"https:\/\/spinbetter.games\/portugal\/\"},{\"@type\":\"ListItem\",\"position\":2,\"name\":\"Plinko\"}]},{\"@type\":\"WebSite\",\"@id\":\"https:\/\/spinbetter.games\/portugal\/#website\",\"url\":\"https:\/\/spinbetter.games\/portugal\/\",\"name\":\"SpinBetter pt\",\"description\":\"My WordPress Blog\",\"potentialAction\":[{\"@type\":\"SearchAction\",\"target\":{\"@type\":\"EntryPoint\",\"urlTemplate\":\"https:\/\/spinbetter.games\/portugal\/?s={search_term_string}\"},\"query-input\":{\"@type\":\"PropertyValueSpecification\",\"valueRequired\":true,\"valueName\":\"search_term_string\"}}],\"inLanguage\":\"pt-PT\"}]}<\/script>\n<!-- \/ Yoast SEO plugin. -->","yoast_head_json":{"title":"Plinko SpinBetter\u2122 \u2013 Jogo com multiplicadores aleat\u00f3rios","description":"Jogue Plinko no Spin Better \u2014 um jogo arcade instant\u00e2neo com multiplicadores aleat\u00f3rios, rodadas r\u00e1pidas e jogabilidade simples, onde cada queda pode mudar o resultado.","robots":{"index":"index","follow":"follow","max-snippet":"max-snippet:-1","max-image-preview":"max-image-preview:large","max-video-preview":"max-video-preview:-1"},"canonical":"https:\/\/spinbetter.games\/portugal\/plinko\/","og_locale":"pt_PT","og_type":"article","og_title":"Plinko SpinBetter\u2122 \u2013 Jogo com multiplicadores aleat\u00f3rios","og_description":"Jogue Plinko no Spin Better \u2014 um jogo arcade instant\u00e2neo com multiplicadores aleat\u00f3rios, rodadas r\u00e1pidas e jogabilidade simples, onde cada queda pode mudar o resultado.","og_url":"https:\/\/spinbetter.games\/portugal\/plinko\/","og_site_name":"SpinBetter pt","article_modified_time":"2026-03-12T07:25:21+00:00","twitter_card":"summary_large_image","schema":{"@context":"https:\/\/schema.org","@graph":[{"@type":"WebPage","@id":"https:\/\/spinbetter.games\/portugal\/plinko\/","url":"https:\/\/spinbetter.games\/portugal\/plinko\/","name":"Plinko SpinBetter\u2122 \u2013 Jogo com multiplicadores aleat\u00f3rios","isPartOf":{"@id":"https:\/\/spinbetter.games\/portugal\/#website"},"datePublished":"2026-01-12T10:21:28+00:00","dateModified":"2026-03-12T07:25:21+00:00","description":"Jogue Plinko no Spin Better \u2014 um jogo arcade instant\u00e2neo com multiplicadores aleat\u00f3rios, rodadas r\u00e1pidas e jogabilidade simples, onde cada queda pode mudar o resultado.","breadcrumb":{"@id":"https:\/\/spinbetter.games\/portugal\/plinko\/#breadcrumb"},"inLanguage":"pt-PT","potentialAction":[{"@type":"ReadAction","target":["https:\/\/spinbetter.games\/portugal\/plinko\/"]}]},{"@type":"BreadcrumbList","@id":"https:\/\/spinbetter.games\/portugal\/plinko\/#breadcrumb","itemListElement":[{"@type":"ListItem","position":1,"name":"\u0413\u043b\u0430\u0432\u043d\u0430\u044f \u0441\u0442\u0440\u0430\u043d\u0438\u0446\u0430","item":"https:\/\/spinbetter.games\/portugal\/"},{"@type":"ListItem","position":2,"name":"Plinko"}]},{"@type":"WebSite","@id":"https:\/\/spinbetter.games\/portugal\/#website","url":"https:\/\/spinbetter.games\/portugal\/","name":"SpinBetter pt","description":"My WordPress Blog","potentialAction":[{"@type":"SearchAction","target":{"@type":"EntryPoint","urlTemplate":"https:\/\/spinbetter.games\/portugal\/?s={search_term_string}"},"query-input":{"@type":"PropertyValueSpecification","valueRequired":true,"valueName":"search_term_string"}}],"inLanguage":"pt-PT"}]}},"_links":{"self":[{"href":"https:\/\/spinbetter.games\/portugal\/wp-json\/wp\/v2\/pages\/1996","targetHints":{"allow":["GET"]}}],"collection":[{"href":"https:\/\/spinbetter.games\/portugal\/wp-json\/wp\/v2\/pages"}],"about":[{"href":"https:\/\/spinbetter.games\/portugal\/wp-json\/wp\/v2\/types\/page"}],"author":[{"embeddable":true,"href":"https:\/\/spinbetter.games\/portugal\/wp-json\/wp\/v2\/users\/1"}],"replies":[{"embeddable":true,"href":"https:\/\/spinbetter.games\/portugal\/wp-json\/wp\/v2\/comments?post=1996"}],"version-history":[{"count":1,"href":"https:\/\/spinbetter.games\/portugal\/wp-json\/wp\/v2\/pages\/1996\/revisions"}],"predecessor-version":[{"id":2376,"href":"https:\/\/spinbetter.games\/portugal\/wp-json\/wp\/v2\/pages\/1996\/revisions\/2376"}],"wp:attachment":[{"href":"https:\/\/spinbetter.games\/portugal\/wp-json\/wp\/v2\/media?parent=1996"}],"curies":[{"name":"wp","href":"https:\/\/api.w.org\/{rel}","templated":true}]}}